Last updated on 2025-10-22 01:51:34 CEST.
Flavor | Version | Tinstall | Tcheck | Ttotal | Status | Flags |
---|---|---|---|---|---|---|
r-devel-linux-x86_64-debian-clang | 0.12.1 | 13.20 | 325.40 | 338.60 | NOTE | |
r-devel-linux-x86_64-debian-gcc | 0.12.1 | 9.86 | 222.90 | 232.76 | NOTE | |
r-devel-linux-x86_64-fedora-clang | 0.12.1 | 88.00 | 471.56 | 559.56 | OK | |
r-devel-linux-x86_64-fedora-gcc | 0.12.1 | 29.00 | 491.83 | 520.83 | OK | |
r-devel-windows-x86_64 | 0.12.1 | 19.00 | 301.00 | 320.00 | OK | |
r-patched-linux-x86_64 | 0.12.1 | 17.58 | 309.13 | 326.71 | OK | |
r-release-linux-x86_64 | 0.12.1 | 13.99 | 308.53 | 322.52 | OK | |
r-release-macos-arm64 | 0.12.1 | 7.00 | 269.00 | 276.00 | OK | |
r-release-macos-x86_64 | 0.12.1 | 13.00 | 288.00 | 301.00 | OK | |
r-release-windows-x86_64 | 0.12.1 | 20.00 | 310.00 | 330.00 | OK | |
r-oldrel-macos-arm64 | 0.12.1 | 7.00 | 138.00 | 145.00 | OK | |
r-oldrel-macos-x86_64 | 0.12.1 | 13.00 | 290.00 | 303.00 | OK | |
r-oldrel-windows-x86_64 | 0.12.1 | 26.00 | 401.00 | 427.00 | OK |
Version: 0.12.1
Check: HTML version of manual
Result: NOTE
Found the following HTML validation problems:
auc_integrate.html:94:1 (auc_integrate.Rd:42): Warning: missing </ul> before </div>
print.PKNCAconc.html:74:1 (print.PKNCAconc.Rd:29): Warning: missing </ul> before </div>
print.PKNCAdata.html:51:1 (print.PKNCAdata.Rd:12): Warning: missing </ul> before </div>
summary.PKNCAdata.html:53:1 (summary.PKNCAdata.Rd:13): Warning: missing </ul> before </div>
Flavors: r-devel-linux-x86_64-debian-clang, r-devel-linux-x86_64-debian-gcc