Last updated on 2025-05-17 02:53:28 CEST.
Flavor | Version | Tinstall | Tcheck | Ttotal | Status | Flags |
---|---|---|---|---|---|---|
r-devel-linux-x86_64-debian-clang | 0.0.3 | 3.19 | 43.46 | 46.65 | OK | |
r-devel-linux-x86_64-debian-gcc | 0.0.3 | 2.01 | 32.81 | 34.82 | OK | |
r-devel-linux-x86_64-fedora-clang | 0.0.3 | 72.76 | NOTE | |||
r-devel-linux-x86_64-fedora-gcc | 0.0.3 | 69.07 | NOTE | |||
r-devel-windows-x86_64 | 0.0.3 | 5.00 | 62.00 | 67.00 | OK | |
r-patched-linux-x86_64 | 0.0.3 | 2.96 | 42.87 | 45.83 | OK | |
r-release-linux-x86_64 | 0.0.3 | 2.93 | 42.95 | 45.88 | OK | |
r-release-macos-arm64 | 0.0.3 | 30.00 | OK | |||
r-release-macos-x86_64 | 0.0.3 | 55.00 | OK | |||
r-release-windows-x86_64 | 0.0.3 | 5.00 | 66.00 | 71.00 | OK | |
r-oldrel-macos-arm64 | 0.0.3 | 26.00 | NOTE | |||
r-oldrel-macos-x86_64 | 0.0.3 | 38.00 | NOTE | |||
r-oldrel-windows-x86_64 | 0.0.3 | 6.00 | 76.00 | 82.00 | NOTE |
Version: 0.0.3
Check: dependencies in R code
Result: NOTE
Namespace in Imports field not imported from: ‘smoothmest’
All declared Imports should be used.
Flavors: r-devel-linux-x86_64-fedora-clang, r-devel-linux-x86_64-fedora-gcc
Version: 0.0.3
Check: LazyData
Result: NOTE
'LazyData' is specified without a 'data' directory
Flavors: r-oldrel-macos-arm64, r-oldrel-macos-x86_64, r-oldrel-windows-x86_64