Last updated on 2025-02-14 02:49:51 CET.
Flavor | Version | Tinstall | Tcheck | Ttotal | Status | Flags |
---|---|---|---|---|---|---|
r-devel-linux-x86_64-debian-clang | 1.1.0 | 7.95 | 79.36 | 87.31 | NOTE | |
r-devel-linux-x86_64-debian-gcc | 1.1.0 | 6.61 | 58.46 | 65.07 | NOTE | |
r-devel-linux-x86_64-fedora-clang | 1.1.0 | 148.32 | OK | |||
r-devel-linux-x86_64-fedora-gcc | 1.1.0 | 130.59 | OK | |||
r-devel-windows-x86_64 | 1.1.0 | 10.00 | 86.00 | 96.00 | NOTE | |
r-patched-linux-x86_64 | 1.1.0 | 11.13 | 73.73 | 84.86 | OK | |
r-release-linux-x86_64 | 1.1.0 | 8.58 | 73.86 | 82.44 | OK | |
r-release-macos-arm64 | 1.1.0 | 40.00 | OK | |||
r-release-macos-x86_64 | 1.1.0 | 62.00 | OK | |||
r-release-windows-x86_64 | 1.1.0 | 11.00 | 87.00 | 98.00 | OK | |
r-oldrel-macos-arm64 | 1.1.0 | 45.00 | OK | |||
r-oldrel-macos-x86_64 | 1.1.0 | 74.00 | OK | |||
r-oldrel-windows-x86_64 | 1.1.0 | 14.00 | 110.00 | 124.00 | OK |
Version: 1.1.0
Check: Rd cross-references
Result: NOTE
Found the following Rd file(s) with Rd \link{} targets missing package
anchors:
SnP500Returns.Rd: zoo
access.Rd: zoo
portvol.Bayes.Rd: zoo
portvol.Rd: zoo
risk.attrib.Copula.Rd: zoo
risk.attribution.Rd: zoo
volatility.Rd: zoo
Please provide package anchors for all Rd \link{} targets not in the
package itself and the base packages.
Flavors: r-devel-linux-x86_64-debian-clang, r-devel-linux-x86_64-debian-gcc, r-devel-windows-x86_64