Last updated on 2024-07-27 01:53:20 CEST.
Flavor | Version | Tinstall | Tcheck | Ttotal | Status | Flags |
---|---|---|---|---|---|---|
r-devel-linux-x86_64-debian-clang | 1.0.1 | 22.76 | 152.35 | 175.11 | OK | |
r-devel-linux-x86_64-debian-gcc | 1.0.1 | 16.27 | 112.80 | 129.07 | NOTE | |
r-devel-linux-x86_64-fedora-clang | 1.0.1 | 216.72 | OK | |||
r-devel-linux-x86_64-fedora-gcc | 1.0.1 | 223.47 | OK | |||
r-devel-windows-x86_64 | 1.0.1 | 24.00 | 120.00 | 144.00 | NOTE | |
r-patched-linux-x86_64 | 1.0.1 | OK | ||||
r-release-linux-x86_64 | 1.0.1 | 14.12 | 146.83 | 160.95 | OK | |
r-release-macos-arm64 | 1.0.1 | 59.00 | OK | |||
r-release-macos-x86_64 | 1.0.1 | 107.00 | OK | |||
r-release-windows-x86_64 | 1.0.1 | 21.00 | 120.00 | 141.00 | OK | |
r-oldrel-macos-arm64 | 1.0.1 | 75.00 | OK | |||
r-oldrel-macos-x86_64 | 1.0.1 | 131.00 | OK | |||
r-oldrel-windows-x86_64 | 1.0.1 | 29.00 | 149.00 | 178.00 | OK |
Version: 1.0.1
Check: Rd cross-references
Result: NOTE
Found the following Rd file(s) with Rd \link{} targets missing package
anchors:
Qcoxph.Rd: coxph, coxph.object, predict.coxph
Qest.control.Rd: pchreg
Please provide package anchors for all Rd \link{} targets not in the
package itself and the base packages.
Flavors: r-devel-linux-x86_64-debian-gcc, r-devel-windows-x86_64