CRAN Package Check Results for Package RADstackshelpR

Last updated on 2025-11-12 02:53:08 CET.

Flavor Version Tinstall Tcheck Ttotal Status Flags
r-devel-linux-x86_64-debian-clang 0.1.0 2.01 43.91 45.92 OK
r-devel-linux-x86_64-debian-gcc 0.1.0 1.58 33.96 35.54 OK
r-devel-linux-x86_64-fedora-clang 0.1.0 69.38 NOTE
r-devel-linux-x86_64-fedora-gcc 0.1.0 78.00 NOTE
r-devel-windows-x86_64 0.1.0 5.00 58.00 63.00 OK
r-patched-linux-x86_64 0.1.0 2.04 40.40 42.44 OK
r-release-linux-x86_64 0.1.0 1.82 40.45 42.27 OK
r-release-macos-arm64 0.1.0 1.00 27.00 28.00 OK
r-release-macos-x86_64 0.1.0 2.00 48.00 50.00 OK
r-release-windows-x86_64 0.1.0 5.00 56.00 61.00 OK
r-oldrel-macos-arm64 0.1.0 1.00 27.00 28.00 OK
r-oldrel-macos-x86_64 0.1.0 2.00 40.00 42.00 OK
r-oldrel-windows-x86_64 0.1.0 5.00 70.00 75.00 OK

Check Details

Version: 0.1.0
Check: dependencies in R code
Result: NOTE Namespace in Imports field not imported from: ‘gridExtra’ All declared Imports should be used. Flavors: r-devel-linux-x86_64-fedora-clang, r-devel-linux-x86_64-fedora-gcc