Last updated on 2024-08-16 01:48:27 CEST.
Flavor | Version | Tinstall | Tcheck | Ttotal | Status | Flags |
---|---|---|---|---|---|---|
r-devel-linux-x86_64-debian-clang | 1.7-3 | 184.62 | 197.99 | 382.61 | NOTE | |
r-devel-linux-x86_64-debian-gcc | 1.7-3 | 156.98 | 150.66 | 307.64 | NOTE | |
r-devel-linux-x86_64-fedora-clang | 1.7-3 | 602.39 | NOTE | |||
r-devel-linux-x86_64-fedora-gcc | 1.7-3 | 697.68 | NOTE | |||
r-devel-windows-x86_64 | 1.7-3 | 159.00 | 229.00 | 388.00 | NOTE | |
r-patched-linux-x86_64 | 1.7-3 | 219.01 | 202.58 | 421.59 | NOTE | |
r-release-linux-x86_64 | 1.7-3 | 210.83 | 204.41 | 415.24 | NOTE | |
r-release-macos-arm64 | 1.7-3 | 150.00 | NOTE | |||
r-release-macos-x86_64 | 1.7-3 | 604.00 | NOTE | |||
r-release-windows-x86_64 | 1.7-3 | 164.00 | 223.00 | 387.00 | NOTE | |
r-oldrel-macos-arm64 | 1.7-3 | 130.00 | NOTE | |||
r-oldrel-macos-x86_64 | 1.7-3 | 326.00 | NOTE | |||
r-oldrel-windows-x86_64 | 1.7-3 | 227.00 | 284.00 | 511.00 | NOTE |
Version: 1.7-3
Check: Rd cross-references
Result: NOTE
Found the following Rd file(s) with Rd \link{} targets missing package
anchors:
plot.gMAP.Rd: ggplot
Please provide package anchors for all Rd \link{} targets not in the
package itself and the base packages.
Flavors: r-devel-linux-x86_64-debian-clang, r-devel-linux-x86_64-debian-gcc, r-devel-windows-x86_64
Version: 1.7-3
Check: for GNU extensions in Makefiles
Result: NOTE
GNU make is a SystemRequirements.
Flavors: r-devel-linux-x86_64-debian-clang, r-devel-linux-x86_64-debian-gcc, r-devel-linux-x86_64-fedora-clang, r-devel-linux-x86_64-fedora-gcc, r-devel-windows-x86_64, r-patched-linux-x86_64, r-release-linux-x86_64, r-release-macos-arm64, r-release-macos-x86_64, r-release-windows-x86_64, r-oldrel-macos-arm64, r-oldrel-macos-x86_64, r-oldrel-windows-x86_64
Version: 1.7-3
Check: installed package size
Result: NOTE
installed size is 66.8Mb
sub-directories of 1Mb or more:
libs 64.8Mb
Flavors: r-release-macos-arm64, r-release-macos-x86_64, r-oldrel-macos-arm64, r-oldrel-macos-x86_64