Last updated on 2024-08-16 01:48:27 CEST.
Flavor | Version | Tinstall | Tcheck | Ttotal | Status | Flags |
---|---|---|---|---|---|---|
r-devel-linux-x86_64-debian-clang | 1.0.3 | 24.24 | 225.56 | 249.80 | NOTE | |
r-devel-linux-x86_64-debian-gcc | 1.0.3 | 15.77 | 140.32 | 156.09 | NOTE | |
r-devel-linux-x86_64-fedora-clang | 1.0.3 | 392.73 | NOTE | |||
r-devel-linux-x86_64-fedora-gcc | 1.0.3 | 374.30 | NOTE | |||
r-devel-windows-x86_64 | 1.0.3 | 23.00 | 172.00 | 195.00 | NOTE | |
r-patched-linux-x86_64 | 1.0.3 | 22.81 | 205.63 | 228.44 | NOTE | |
r-release-linux-x86_64 | 1.0.3 | 25.42 | 206.34 | 231.76 | NOTE | |
r-release-macos-arm64 | 1.0.3 | 82.00 | NOTE | |||
r-release-macos-x86_64 | 1.0.3 | 142.00 | NOTE | |||
r-release-windows-x86_64 | 1.0.3 | 22.00 | 168.00 | 190.00 | NOTE | |
r-oldrel-macos-arm64 | 1.0.3 | 88.00 | NOTE | |||
r-oldrel-macos-x86_64 | 1.0.3 | 165.00 | NOTE | |||
r-oldrel-windows-x86_64 | 1.0.3 | 31.00 | 241.00 | 272.00 | NOTE |
Version: 1.0.3
Check: Rd files
Result: NOTE
checkRd: (-1) nc_open_CGLS.Rd:29-32: Lost braces
29 | if(resolution == "300m"){
| ^
checkRd: (-1) nc_open_CGLS.Rd:33-36: Lost braces
33 | if(resolution == "1km"){
| ^
Flavors: r-devel-linux-x86_64-debian-clang, r-devel-linux-x86_64-debian-gcc, r-devel-linux-x86_64-fedora-clang, r-devel-linux-x86_64-fedora-gcc, r-devel-windows-x86_64, r-patched-linux-x86_64, r-release-linux-x86_64, r-release-macos-arm64, r-release-macos-x86_64, r-release-windows-x86_64
Version: 1.0.3
Check: LazyData
Result: NOTE
'LazyData' is specified without a 'data' directory
Flavors: r-devel-linux-x86_64-debian-clang, r-devel-linux-x86_64-debian-gcc, r-devel-linux-x86_64-fedora-clang, r-devel-linux-x86_64-fedora-gcc, r-devel-windows-x86_64, r-patched-linux-x86_64, r-release-linux-x86_64, r-release-macos-arm64, r-release-macos-x86_64, r-release-windows-x86_64, r-oldrel-macos-arm64, r-oldrel-macos-x86_64, r-oldrel-windows-x86_64