Last updated on 2025-02-05 02:48:59 CET.
Flavor | Version | Tinstall | Tcheck | Ttotal | Status | Flags |
---|---|---|---|---|---|---|
r-devel-linux-x86_64-debian-clang | 0.6.9 | 77.28 | 55.88 | 133.16 | NOTE | |
r-devel-linux-x86_64-debian-gcc | 0.6.9 | 65.35 | 39.24 | 104.59 | NOTE | |
r-devel-linux-x86_64-fedora-clang | 0.6.9 | 308.59 | OK | |||
r-devel-linux-x86_64-fedora-gcc | 0.6.9 | 273.15 | OK | |||
r-devel-windows-x86_64 | 0.6.9 | 115.00 | 93.00 | 208.00 | NOTE | |
r-patched-linux-x86_64 | 0.6.9 | 96.51 | 50.53 | 147.04 | OK | |
r-release-linux-x86_64 | 0.6.9 | 88.13 | 50.67 | 138.80 | OK | |
r-release-macos-arm64 | 0.6.9 | 70.00 | NOTE | |||
r-release-macos-x86_64 | 0.6.9 | 73.00 | NOTE | |||
r-release-windows-x86_64 | 0.6.9 | 114.00 | 93.00 | 207.00 | OK | |
r-oldrel-macos-arm64 | 0.6.9 | 75.00 | NOTE | |||
r-oldrel-macos-x86_64 | 0.6.9 | 101.00 | NOTE | |||
r-oldrel-windows-x86_64 | 0.6.9 | 136.00 | 111.00 | 247.00 | OK |
Version: 0.6.9
Check: Rd cross-references
Result: NOTE
Found the following Rd file(s) with Rd \link{} targets missing package
anchors:
ClickhouseResult-class.Rd: DBIResult-class
Please provide package anchors for all Rd \link{} targets not in the
package itself and the base packages.
Flavors: r-devel-linux-x86_64-debian-clang, r-devel-linux-x86_64-debian-gcc, r-devel-windows-x86_64
Version: 0.6.9
Check: installed package size
Result: NOTE
installed size is 13.4Mb
sub-directories of 1Mb or more:
libs 13.1Mb
Flavors: r-release-macos-arm64, r-release-macos-x86_64, r-oldrel-macos-arm64, r-oldrel-macos-x86_64