Last updated on 2024-08-16 01:48:28 CEST.
Flavor | Version | Tinstall | Tcheck | Ttotal | Status | Flags |
---|---|---|---|---|---|---|
r-devel-linux-x86_64-debian-clang | 4.0.11 | 270.02 | 125.30 | 395.32 | OK | |
r-devel-linux-x86_64-debian-gcc | 4.0.11 | 196.71 | 120.94 | 317.65 | OK | |
r-devel-linux-x86_64-fedora-clang | 4.0.11 | 747.99 | OK | |||
r-devel-linux-x86_64-fedora-gcc | 4.0.11 | 813.56 | OK | |||
r-devel-windows-x86_64 | 4.0.11 | 294.00 | 219.00 | 513.00 | OK | |
r-patched-linux-x86_64 | 4.0.11 | 274.02 | 121.73 | 395.75 | OK | |
r-release-linux-x86_64 | 4.0.11 | 279.07 | 124.42 | 403.49 | OK | |
r-release-macos-arm64 | 4.0.11 | 153.00 | NOTE | |||
r-release-macos-x86_64 | 4.0.11 | 194.00 | NOTE | |||
r-release-windows-x86_64 | 4.0.11 | 296.00 | 218.00 | 514.00 | OK | |
r-oldrel-macos-arm64 | 4.0.11 | 135.00 | NOTE | |||
r-oldrel-macos-x86_64 | 4.0.11 | 226.00 | NOTE | |||
r-oldrel-windows-x86_64 | 4.0.11 | 343.00 | 225.00 | 568.00 | OK |
Version: 4.0.11
Check: installed package size
Result: NOTE
installed size is 30.5Mb
sub-directories of 1Mb or more:
libs 30.3Mb
Flavors: r-release-macos-arm64, r-release-macos-x86_64, r-oldrel-macos-arm64, r-oldrel-macos-x86_64