Last updated on 2025-02-05 02:49:00 CET.
Flavor | Version | Tinstall | Tcheck | Ttotal | Status | Flags |
---|---|---|---|---|---|---|
r-devel-linux-x86_64-debian-clang | 2.4.11 | 17.99 | 146.32 | 164.31 | NOTE | |
r-devel-linux-x86_64-debian-gcc | 2.4.11 | 13.11 | 95.65 | 108.76 | NOTE | |
r-devel-linux-x86_64-fedora-clang | 2.4.11 | 268.66 | NOTE | |||
r-devel-linux-x86_64-fedora-gcc | 2.4.11 | 257.70 | NOTE | |||
r-devel-windows-x86_64 | 2.4.11 | 20.00 | 145.00 | 165.00 | NOTE | |
r-patched-linux-x86_64 | 2.4.11 | 17.37 | 135.22 | 152.59 | NOTE | |
r-release-linux-x86_64 | 2.4.11 | 15.75 | 134.39 | 150.14 | NOTE | |
r-release-macos-arm64 | 2.4.11 | 78.00 | NOTE | |||
r-release-macos-x86_64 | 2.4.11 | 120.00 | NOTE | |||
r-release-windows-x86_64 | 2.4.11 | 20.00 | 142.00 | 162.00 | NOTE | |
r-oldrel-macos-arm64 | 2.4.11 | 82.00 | OK | |||
r-oldrel-macos-x86_64 | 2.4.11 | 136.00 | OK | |||
r-oldrel-windows-x86_64 | 2.4.11 | 22.00 | 189.00 | 211.00 | OK |
Version: 2.4.11
Check: Rd files
Result: NOTE
checkRd: (-1) nexml_get.Rd:30: Lost braces in \itemize; meant \describe ?
checkRd: (-1) nexml_get.Rd:31: Lost braces in \itemize; meant \describe ?
checkRd: (-1) nexml_get.Rd:32: Lost braces in \itemize; meant \describe ?
checkRd: (-1) nexml_get.Rd:33: Lost braces in \itemize; meant \describe ?
checkRd: (-1) nexml_get.Rd:34: Lost braces in \itemize; meant \describe ?
checkRd: (-1) nexml_get.Rd:35: Lost braces in \itemize; meant \describe ?
Flavors: r-devel-linux-x86_64-debian-clang, r-devel-linux-x86_64-debian-gcc, r-devel-linux-x86_64-fedora-clang, r-devel-linux-x86_64-fedora-gcc, r-devel-windows-x86_64, r-patched-linux-x86_64, r-release-linux-x86_64, r-release-macos-arm64, r-release-macos-x86_64, r-release-windows-x86_64