CRAN Package Check Results for Package ROpenDota

Last updated on 2025-11-13 02:52:31 CET.

Flavor Version Tinstall Tcheck Ttotal Status Flags
r-devel-linux-x86_64-debian-clang 0.1.2 2.45 27.91 30.36 OK
r-devel-linux-x86_64-debian-gcc 0.1.2 1.42 22.89 24.31 OK
r-devel-linux-x86_64-fedora-clang 0.1.2 43.41 OK
r-devel-linux-x86_64-fedora-gcc 0.1.2 40.44 OK
r-devel-windows-x86_64 0.1.2 3.00 48.00 51.00 OK
r-patched-linux-x86_64 0.1.2 1.93 25.04 26.97 OK
r-release-linux-x86_64 0.1.2 2.61 25.07 27.68 OK
r-release-macos-arm64 0.1.2 1.00 17.00 18.00 OK
r-release-macos-x86_64 0.1.2 2.00 28.00 30.00 OK
r-release-windows-x86_64 0.1.2 4.00 45.00 49.00 OK
r-oldrel-macos-arm64 0.1.2 1.00 16.00 17.00 NOTE
r-oldrel-macos-x86_64 0.1.2 2.00 23.00 25.00 NOTE
r-oldrel-windows-x86_64 0.1.2 3.00 51.00 54.00 NOTE

Check Details

Version: 0.1.2
Check: LazyData
Result: NOTE 'LazyData' is specified without a 'data' directory Flavors: r-oldrel-macos-arm64, r-oldrel-macos-x86_64, r-oldrel-windows-x86_64