Last updated on 2024-07-27 01:53:22 CEST.
Flavor | Version | Tinstall | Tcheck | Ttotal | Status | Flags |
---|---|---|---|---|---|---|
r-devel-linux-x86_64-debian-clang | 2.3 | 106.50 | 763.28 | 869.78 | OK | |
r-devel-linux-x86_64-debian-gcc | 2.3 | 82.76 | 540.03 | 622.79 | NOTE | |
r-devel-linux-x86_64-fedora-clang | 2.3 | 1083.91 | NOTE | |||
r-devel-linux-x86_64-fedora-gcc | 2.3 | 1037.09 | OK | |||
r-devel-windows-x86_64 | 2.3 | 89.00 | 528.00 | 617.00 | NOTE | |
r-patched-linux-x86_64 | 2.3 | OK | ||||
r-release-linux-x86_64 | 2.3 | 71.23 | 728.15 | 799.38 | OK | |
r-release-macos-arm64 | 2.3 | 233.00 | OK | |||
r-release-macos-x86_64 | 2.3 | 476.00 | OK | |||
r-release-windows-x86_64 | 2.3 | 83.00 | 510.00 | 593.00 | OK | |
r-oldrel-macos-arm64 | 2.3 | 235.00 | OK | |||
r-oldrel-macos-x86_64 | 2.3 | 576.00 | OK | |||
r-oldrel-windows-x86_64 | 2.3 | 113.00 | 669.00 | 782.00 | OK |
Version: 2.3
Check: Rd cross-references
Result: NOTE
Found the following Rd file(s) with Rd \link{} targets missing package
anchors:
CreateClassObject.Rd: make.simmap
CreateGeoObject.Rd: make.simmap
CreateGeobyClassObject.Rd: make.simmap
GIC.Rd: mvgls
ancestral.Rd: GIC
fit_t_comp.Rd: make.simmap
fit_t_comp_subgroup.Rd: make.simmap, spg
fit_t_pl.Rd: mvgls
fit_t_standard.Rd: make.simmap
sim_t_tworegime.Rd: make.simmap
Please provide package anchors for all Rd \link{} targets not in the
package itself and the base packages.
Flavors: r-devel-linux-x86_64-debian-gcc, r-devel-windows-x86_64
Version: 2.3
Check: package dependencies
Result: NOTE
Imports includes 26 non-default packages.
Importing from so many packages makes the package vulnerable to any of
them becoming unavailable. Move as many as possible to Suggests and
use conditionally.
Flavor: r-devel-linux-x86_64-fedora-clang