Last updated on 2024-08-16 01:48:29 CEST.
Flavor | Version | Tinstall | Tcheck | Ttotal | Status | Flags |
---|---|---|---|---|---|---|
r-devel-linux-x86_64-debian-clang | 0.1.1 | 16.99 | 122.61 | 139.60 | OK | |
r-devel-linux-x86_64-debian-gcc | 0.1.1 | 11.78 | 87.26 | 99.04 | OK | |
r-devel-linux-x86_64-fedora-clang | 0.1.1 | 227.00 | OK | |||
r-devel-linux-x86_64-fedora-gcc | 0.1.1 | 220.99 | OK | |||
r-devel-windows-x86_64 | 0.1.1 | 19.00 | 111.00 | 130.00 | OK | |
r-patched-linux-x86_64 | 0.1.1 | 14.88 | 114.91 | 129.79 | OK | |
r-release-linux-x86_64 | 0.1.1 | 16.62 | 116.95 | 133.57 | OK | |
r-release-macos-arm64 | 0.1.1 | 89.00 | OK | |||
r-release-macos-x86_64 | 0.1.1 | 126.00 | OK | |||
r-release-windows-x86_64 | 0.1.1 | 19.00 | 112.00 | 131.00 | OK | |
r-oldrel-macos-arm64 | 0.1.1 | 63.00 | OK | |||
r-oldrel-macos-x86_64 | 0.1.1 | 214.00 | NOTE | |||
r-oldrel-windows-x86_64 | 0.1.1 | 25.00 | 134.00 | 159.00 | OK |
Version: 0.1.1
Check: installed package size
Result: NOTE
installed size is 5.5Mb
sub-directories of 1Mb or more:
data 5.1Mb
Flavor: r-oldrel-macos-x86_64