Last updated on 2024-08-16 01:48:29 CEST.
Flavor | Version | Tinstall | Tcheck | Ttotal | Status | Flags |
---|---|---|---|---|---|---|
r-devel-linux-x86_64-debian-clang | 2.2.2 | 2.48 | 30.37 | 32.85 | NOTE | |
r-devel-linux-x86_64-debian-gcc | 2.2.2 | 1.87 | 23.34 | 25.21 | NOTE | |
r-devel-linux-x86_64-fedora-clang | 2.2.2 | 52.94 | NOTE | |||
r-devel-linux-x86_64-fedora-gcc | 2.2.2 | 63.02 | NOTE | |||
r-devel-windows-x86_64 | 2.2.2 | 4.00 | 49.00 | 53.00 | NOTE | |
r-patched-linux-x86_64 | 2.2.2 | 2.52 | 29.25 | 31.77 | NOTE | |
r-release-linux-x86_64 | 2.2.2 | 2.43 | 29.12 | 31.55 | NOTE | |
r-release-macos-arm64 | 2.2.2 | 25.00 | NOTE | |||
r-release-macos-x86_64 | 2.2.2 | 35.00 | NOTE | |||
r-release-windows-x86_64 | 2.2.2 | 4.00 | 49.00 | 53.00 | NOTE | |
r-oldrel-macos-arm64 | 2.2.2 | 24.00 | NOTE | |||
r-oldrel-macos-x86_64 | 2.2.2 | 32.00 | NOTE | |||
r-oldrel-windows-x86_64 | 2.2.2 | 4.00 | 50.00 | 54.00 | NOTE |
Version: 2.2.2
Check: LazyData
Result: NOTE
'LazyData' is specified without a 'data' directory
Flavors: r-devel-linux-x86_64-debian-clang, r-devel-linux-x86_64-debian-gcc, r-devel-linux-x86_64-fedora-clang, r-devel-linux-x86_64-fedora-gcc, r-devel-windows-x86_64, r-patched-linux-x86_64, r-release-linux-x86_64, r-release-macos-arm64, r-release-macos-x86_64, r-release-windows-x86_64, r-oldrel-macos-arm64, r-oldrel-macos-x86_64, r-oldrel-windows-x86_64