Last updated on 2024-07-27 01:53:22 CEST.
Flavor | Version | Tinstall | Tcheck | Ttotal | Status | Flags |
---|---|---|---|---|---|---|
r-devel-linux-x86_64-debian-clang | 0.2-1 | 3.53 | 64.53 | 68.06 | NOTE | |
r-devel-linux-x86_64-debian-gcc | 0.2-1 | 3.09 | 51.15 | 54.24 | NOTE | |
r-devel-linux-x86_64-fedora-clang | 0.2-1 | 86.87 | NOTE | |||
r-devel-linux-x86_64-fedora-gcc | 0.2-1 | 89.05 | NOTE | |||
r-devel-windows-x86_64 | 0.2-1 | 5.00 | 75.00 | 80.00 | NOTE | |
r-patched-linux-x86_64 | 0.2-1 | NOTE | ||||
r-release-linux-x86_64 | 0.2-1 | 3.24 | 63.35 | 66.59 | NOTE | |
r-release-macos-arm64 | 0.2-1 | 30.00 | NOTE | |||
r-release-macos-x86_64 | 0.2-1 | 45.00 | NOTE | |||
r-release-windows-x86_64 | 0.2-1 | 4.00 | 77.00 | 81.00 | NOTE | |
r-oldrel-macos-arm64 | 0.2-1 | 29.00 | OK | |||
r-oldrel-macos-x86_64 | 0.2-1 | 48.00 | OK | |||
r-oldrel-windows-x86_64 | 0.2-1 | 4.00 | 83.00 | 87.00 | OK |
Version: 0.2-1
Check: Rd files
Result: NOTE
checkRd: (-1) RTDE.Rd:78: Lost braces in \itemize; meant \describe ?
checkRd: (-1) RTDE.Rd:79: Lost braces in \itemize; meant \describe ?
Flavors: r-devel-linux-x86_64-debian-clang, r-devel-linux-x86_64-debian-gcc, r-devel-linux-x86_64-fedora-clang, r-devel-linux-x86_64-fedora-gcc, r-devel-windows-x86_64, r-patched-linux-x86_64, r-release-linux-x86_64, r-release-macos-arm64, r-release-macos-x86_64, r-release-windows-x86_64