Last updated on 2024-08-16 01:48:27 CEST.
Flavor | Version | Tinstall | Tcheck | Ttotal | Status | Flags |
---|---|---|---|---|---|---|
r-devel-linux-x86_64-debian-clang | 1.0.0 | 2.49 | 31.36 | 33.85 | OK | |
r-devel-linux-x86_64-debian-gcc | 1.0.0 | 1.79 | 23.51 | 25.30 | OK | |
r-devel-linux-x86_64-fedora-clang | 1.0.0 | 55.04 | NOTE | |||
r-devel-linux-x86_64-fedora-gcc | 1.0.0 | 52.03 | NOTE | |||
r-devel-windows-x86_64 | 1.0.0 | 3.00 | 53.00 | 56.00 | OK | |
r-patched-linux-x86_64 | 1.0.0 | 2.66 | 29.73 | 32.39 | OK | |
r-release-linux-x86_64 | 1.0.0 | 2.14 | 29.72 | 31.86 | OK | |
r-release-macos-arm64 | 1.0.0 | 20.00 | OK | |||
r-release-macos-x86_64 | 1.0.0 | 29.00 | OK | |||
r-release-windows-x86_64 | 1.0.0 | 4.00 | 52.00 | 56.00 | OK | |
r-oldrel-macos-arm64 | 1.0.0 | 20.00 | OK | |||
r-oldrel-macos-x86_64 | 1.0.0 | 43.00 | OK | |||
r-oldrel-windows-x86_64 | 1.0.0 | 4.00 | 60.00 | 64.00 | OK |
Version: 1.0.0
Check: data for non-ASCII characters
Result: NOTE
Note: found 15 marked UTF-8 strings
Flavors: r-devel-linux-x86_64-fedora-clang, r-devel-linux-x86_64-fedora-gcc