Last updated on 2025-07-22 01:49:27 CEST.
Flavor | Version | Tinstall | Tcheck | Ttotal | Status | Flags |
---|---|---|---|---|---|---|
r-devel-linux-x86_64-debian-clang | 0.2-3 | 22.16 | 150.18 | 172.34 | NOTE | |
r-devel-linux-x86_64-debian-gcc | 0.2-3 | 17.54 | 114.08 | 131.62 | NOTE | |
r-devel-linux-x86_64-fedora-clang | 0.2-3 | 281.03 | OK | |||
r-devel-linux-x86_64-fedora-gcc | 0.2-3 | 269.77 | OK | |||
r-devel-windows-x86_64 | 0.2-3 | 30.00 | 262.00 | 292.00 | OK | |
r-patched-linux-x86_64 | 0.2-3 | 24.08 | 149.67 | 173.75 | OK | |
r-release-linux-x86_64 | 0.2-3 | 23.62 | 147.80 | 171.42 | OK | |
r-release-macos-arm64 | 0.2-3 | 96.00 | OK | |||
r-release-macos-x86_64 | 0.2-3 | 151.00 | OK | |||
r-release-windows-x86_64 | 0.2-3 | 28.00 | 145.00 | 173.00 | OK | |
r-oldrel-macos-arm64 | 0.2-3 | 91.00 | OK | |||
r-oldrel-macos-x86_64 | 0.2-3 | 119.00 | OK | |||
r-oldrel-windows-x86_64 | 0.2-3 | 30.00 | 184.00 | 214.00 | OK |
Version: 0.2-3
Check: CRAN incoming feasibility
Result: NOTE
Maintainer: ‘David Leiva <dleivaur@ub.edu>’
No Authors@R field in DESCRIPTION.
Please add one, modifying
Authors@R: c(person(given = "Maribel",
family = "Pero",
role = "aut",
email = "mpero@ub.edu"),
person(given = "David",
family = "Leiva",
role = c("aut", "cre"),
email = "dleivaur@ub.edu"),
person(given = "Joan",
family = "Guardia",
role = "aut",
email = "jguardia@ub.edu"),
person(given = "Antonio",
family = "Solanas",
role = "aut",
email = "antonio.solanas@ub.edu"))
as necessary.
Flavors: r-devel-linux-x86_64-debian-clang, r-devel-linux-x86_64-debian-gcc