Last updated on 2024-08-16 01:48:27 CEST.
Flavor | Version | Tinstall | Tcheck | Ttotal | Status | Flags |
---|---|---|---|---|---|---|
r-devel-linux-x86_64-debian-clang | 1.3.0 | 12.68 | 186.27 | 198.95 | OK | |
r-devel-linux-x86_64-debian-gcc | 1.3.0 | 8.70 | 121.48 | 130.18 | OK | |
r-devel-linux-x86_64-fedora-clang | 1.3.0 | 323.95 | NOTE | |||
r-devel-linux-x86_64-fedora-gcc | 1.3.0 | 318.96 | NOTE | |||
r-devel-windows-x86_64 | 1.3.0 | 13.00 | 194.00 | 207.00 | OK | |
r-patched-linux-x86_64 | 1.3.0 | 11.71 | 171.73 | 183.44 | OK | |
r-release-linux-x86_64 | 1.3.0 | 11.23 | 171.44 | 182.67 | OK | |
r-release-macos-arm64 | 1.3.0 | 121.00 | OK | |||
r-release-macos-x86_64 | 1.3.0 | 171.00 | OK | |||
r-release-windows-x86_64 | 1.3.0 | 13.00 | 198.00 | 211.00 | OK | |
r-oldrel-macos-arm64 | 1.3.0 | 126.00 | OK | |||
r-oldrel-macos-x86_64 | 1.3.0 | 254.00 | OK | |||
r-oldrel-windows-x86_64 | 1.3.0 | 17.00 | 252.00 | 269.00 | OK |
Version: 1.3.0
Check: data for non-ASCII characters
Result: NOTE
Note: found 345 marked UTF-8 strings
Flavors: r-devel-linux-x86_64-fedora-clang, r-devel-linux-x86_64-fedora-gcc