Last updated on 2024-08-16 01:48:27 CEST.
Flavor | Version | Tinstall | Tcheck | Ttotal | Status | Flags |
---|---|---|---|---|---|---|
r-devel-linux-x86_64-debian-clang | 7.1.6 | 11.21 | 33.93 | 45.14 | NOTE | |
r-devel-linux-x86_64-debian-gcc | 7.1.6 | 7.12 | 28.38 | 35.50 | NOTE | |
r-devel-linux-x86_64-fedora-clang | 7.1.6 | 83.47 | NOTE | |||
r-devel-linux-x86_64-fedora-gcc | 7.1.6 | 78.00 | NOTE | |||
r-devel-windows-x86_64 | 7.1.6 | 16.00 | 72.00 | 88.00 | NOTE | |
r-patched-linux-x86_64 | 7.1.6 | 10.95 | 31.82 | 42.77 | NOTE | |
r-release-linux-x86_64 | 7.1.6 | 11.03 | 32.08 | 43.11 | NOTE | |
r-release-macos-arm64 | 7.1.6 | 22.00 | NOTE | |||
r-release-macos-x86_64 | 7.1.6 | 39.00 | NOTE | |||
r-release-windows-x86_64 | 7.1.6 | 17.00 | 70.00 | 87.00 | NOTE | |
r-oldrel-macos-arm64 | 7.1.6 | 25.00 | NOTE | |||
r-oldrel-macos-x86_64 | 7.1.6 | 50.00 | NOTE | |||
r-oldrel-windows-x86_64 | 7.1.6 | 18.00 | 78.00 | 96.00 | NOTE |
Version: 7.1.6
Check: C++ specification
Result: NOTE
Specified C++14: please drop specification unless essential
Flavors: r-devel-linux-x86_64-debian-clang, r-devel-linux-x86_64-debian-gcc, r-devel-linux-x86_64-fedora-clang, r-devel-linux-x86_64-fedora-gcc, r-devel-windows-x86_64, r-patched-linux-x86_64, r-release-linux-x86_64, r-release-macos-arm64, r-release-macos-x86_64, r-release-windows-x86_64, r-oldrel-macos-arm64, r-oldrel-macos-x86_64, r-oldrel-windows-x86_64