Last updated on 2025-10-21 01:48:43 CEST.
Flavor | Version | Tinstall | Tcheck | Ttotal | Status | Flags |
---|---|---|---|---|---|---|
r-devel-linux-x86_64-debian-clang | 0.8.2 | 16.65 | 115.89 | 132.54 | OK | |
r-devel-linux-x86_64-debian-gcc | 0.8.2 | 10.57 | 81.91 | 92.48 | NOTE | |
r-devel-linux-x86_64-fedora-clang | 0.8.2 | 249.24 | OK | |||
r-devel-linux-x86_64-fedora-gcc | 0.8.2 | 206.97 | OK | |||
r-devel-windows-x86_64 | 0.8.2 | 17.00 | 117.00 | 134.00 | OK | |
r-patched-linux-x86_64 | 0.8.2 | 14.70 | 110.37 | 125.07 | OK | |
r-release-linux-x86_64 | 0.8.2 | 17.39 | 110.28 | 127.67 | OK | |
r-release-macos-arm64 | 0.8.2 | 51.00 | OK | |||
r-release-macos-x86_64 | 0.8.2 | 123.00 | OK | |||
r-release-windows-x86_64 | 0.8.2 | 19.00 | 122.00 | 141.00 | OK | |
r-oldrel-macos-arm64 | 0.8.2 | 63.00 | OK | |||
r-oldrel-macos-x86_64 | 0.8.2 | 126.00 | OK | |||
r-oldrel-windows-x86_64 | 0.8.2 | 23.00 | 155.00 | 178.00 | OK |
Version: 0.8.2
Check: HTML version of manual
Result: NOTE
Found the following HTML validation problems:
as_type.html:50:1 (as_type.Rd:12): Warning: missing </ul> before </div>
check_types.html:46:1 (check_types.Rd:10): Warning: missing </ul> before </div>
correct_constraints.html:46:1 (correct_constraints.Rd:10): Warning: missing </ul> before </div>
modelToVn.html:65:1 (modelToVn.Rd:23): Warning: missing </ul> before </div>
norm_type_ref.html:55:1 (norm_type_ref.Rd:15): Warning: missing </ul> before </div>
recover_RelDataModel.html:49:1 (recover_RelDataModel.Rd:13): Warning: missing </ul> before </div>
sub-.RelDataModel.html:61:1 (sub-.RelDataModel.Rd:18): Warning: missing </ul> before </div>
view_confrontation_report.html:51:1 (view_confrontation_report.Rd:13): Warning: missing </ul> before </div>
write_json_data_model.html:50:1 (write_json_data_model.Rd:12): Warning: missing </ul> before </div>
Flavor: r-devel-linux-x86_64-debian-gcc