Last updated on 2024-08-16 01:48:28 CEST.
Flavor | Version | Tinstall | Tcheck | Ttotal | Status | Flags |
---|---|---|---|---|---|---|
r-devel-linux-x86_64-debian-clang | 0.2-2 | 1430.29 | 192.37 | 1622.66 | NOTE | |
r-devel-linux-x86_64-debian-gcc | 0.2-2 | 1144.30 | 225.40 | 1369.70 | NOTE | |
r-devel-linux-x86_64-fedora-clang | 0.2-2 | 2388.88 | NOTE | |||
r-devel-linux-x86_64-fedora-gcc | 0.2-2 | 3670.80 | NOTE | |||
r-devel-windows-x86_64 | 0.2-2 | 1214.00 | 297.00 | 1511.00 | NOTE | |
r-patched-linux-x86_64 | 0.2-2 | 1538.27 | 301.98 | 1840.25 | NOTE | |
r-release-linux-x86_64 | 0.2-2 | 1535.59 | 304.56 | 1840.15 | NOTE | |
r-release-macos-arm64 | 0.2-2 | 820.00 | NOTE | |||
r-release-macos-x86_64 | 0.2-2 | 563.00 | NOTE | |||
r-release-windows-x86_64 | 0.2-2 | 1208.00 | 305.00 | 1513.00 | NOTE | |
r-oldrel-macos-arm64 | 0.2-2 | 926.00 | NOTE | |||
r-oldrel-macos-x86_64 | 0.2-2 | 515.00 | NOTE | |||
r-oldrel-windows-x86_64 | 0.2-2 | 1612.00 | 377.00 | 1989.00 | NOTE |
Version: 0.2-2
Check: for GNU extensions in Makefiles
Result: NOTE
GNU make is a SystemRequirements.
Flavors: r-devel-linux-x86_64-debian-clang, r-devel-linux-x86_64-debian-gcc, r-devel-linux-x86_64-fedora-clang, r-devel-linux-x86_64-fedora-gcc, r-devel-windows-x86_64, r-patched-linux-x86_64, r-release-linux-x86_64, r-release-macos-arm64, r-release-macos-x86_64, r-release-windows-x86_64, r-oldrel-macos-arm64, r-oldrel-macos-x86_64, r-oldrel-windows-x86_64
Version: 0.2-2
Check: installed package size
Result: NOTE
installed size is 16.1Mb
sub-directories of 1Mb or more:
libs 15.1Mb
Flavors: r-devel-linux-x86_64-fedora-clang, r-devel-windows-x86_64, r-release-macos-arm64, r-release-macos-x86_64, r-release-windows-x86_64, r-oldrel-macos-arm64, r-oldrel-macos-x86_64, r-oldrel-windows-x86_64