Last updated on 2024-08-16 01:48:28 CEST.
Flavor | Version | Tinstall | Tcheck | Ttotal | Status | Flags |
---|---|---|---|---|---|---|
r-devel-linux-x86_64-debian-clang | 1.2.2 | 34.78 | 263.75 | 298.53 | OK | |
r-devel-linux-x86_64-debian-gcc | 1.2.2 | 25.14 | 182.74 | 207.88 | OK | |
r-devel-linux-x86_64-fedora-clang | 1.2.2 | 473.60 | NOTE | |||
r-devel-linux-x86_64-fedora-gcc | 1.2.2 | 465.52 | OK | |||
r-devel-windows-x86_64 | 1.2.2 | 32.00 | 218.00 | 250.00 | OK | |
r-patched-linux-x86_64 | 1.2.2 | 29.98 | 242.13 | 272.11 | OK | |
r-release-linux-x86_64 | 1.2.2 | 29.39 | 246.24 | 275.63 | OK | |
r-release-macos-arm64 | 1.2.2 | 6.00 | ERROR | |||
r-release-macos-x86_64 | 1.2.2 | 293.00 | NOTE | |||
r-release-windows-x86_64 | 1.2.2 | 34.00 | 219.00 | 253.00 | OK | |
r-oldrel-macos-arm64 | 1.2.2 | 136.00 | NOTE | |||
r-oldrel-macos-x86_64 | 1.2.2 | 288.00 | NOTE | |||
r-oldrel-windows-x86_64 | 1.2.2 | 39.00 | 8.00 | 47.00 | ERROR |
Version: 1.2.2
Check: Rd cross-references
Result: NOTE
Undeclared package ‘distrEx’ in Rd xrefs
Flavor: r-devel-linux-x86_64-fedora-clang
Version: 1.2.2
Check: package dependencies
Result: ERROR
Package required but not available: ‘beadarray’
Packages suggested but not available for checking:
'affydata', 'hgu95av2cdf', 'beadarrayExampleData',
'illuminaHumanv3.db'
See section ‘The DESCRIPTION file’ in the ‘Writing R Extensions’
manual.
Flavor: r-release-macos-arm64
Version: 1.2.2
Check: package dependencies
Result: NOTE
Package suggested but not available for checking: ‘illuminaHumanv3.db’
Flavor: r-release-macos-x86_64
Version: 1.2.2
Check: package dependencies
Result: NOTE
Packages suggested but not available for checking:
'affydata', 'hgu95av2cdf', 'beadarrayExampleData',
'illuminaHumanv3.db'
Flavors: r-oldrel-macos-arm64, r-oldrel-macos-x86_64
Version: 1.2.2
Check: whether package can be installed
Result: ERROR
Installation failed.
Flavor: r-oldrel-windows-x86_64