Last updated on 2024-08-16 01:48:29 CEST.
Flavor | Version | Tinstall | Tcheck | Ttotal | Status | Flags |
---|---|---|---|---|---|---|
r-devel-linux-x86_64-debian-clang | 1.3.0 | 10.54 | 69.12 | 79.66 | OK | |
r-devel-linux-x86_64-debian-gcc | 1.3.0 | 7.50 | 50.15 | 57.65 | OK | |
r-devel-linux-x86_64-fedora-clang | 1.3.0 | 129.72 | NOTE | |||
r-devel-linux-x86_64-fedora-gcc | 1.3.0 | 125.84 | NOTE | |||
r-devel-windows-x86_64 | 1.3.0 | 11.00 | 83.00 | 94.00 | OK | |
r-patched-linux-x86_64 | 1.3.0 | 10.22 | 65.31 | 75.53 | OK | |
r-release-linux-x86_64 | 1.3.0 | 9.51 | 65.70 | 75.21 | OK | |
r-release-macos-arm64 | 1.3.0 | 41.00 | OK | |||
r-release-macos-x86_64 | 1.3.0 | 54.00 | OK | |||
r-release-windows-x86_64 | 1.3.0 | 11.00 | 84.00 | 95.00 | OK | |
r-oldrel-macos-arm64 | 1.3.0 | 40.00 | OK | |||
r-oldrel-macos-x86_64 | 1.3.0 | 106.00 | OK | |||
r-oldrel-windows-x86_64 | 1.3.0 | 14.00 | 98.00 | 112.00 | OK |
Version: 1.3.0
Check: data for non-ASCII characters
Result: NOTE
Note: found 192 marked UTF-8 strings
Flavors: r-devel-linux-x86_64-fedora-clang, r-devel-linux-x86_64-fedora-gcc