Last updated on 2024-08-16 01:48:30 CEST.
Flavor | Version | Tinstall | Tcheck | Ttotal | Status | Flags |
---|---|---|---|---|---|---|
r-devel-linux-x86_64-debian-clang | 2.1-0.0 | 64.20 | 254.33 | 318.53 | OK | |
r-devel-linux-x86_64-debian-gcc | 2.1-0.0 | 37.75 | 168.47 | 206.22 | OK | |
r-devel-linux-x86_64-fedora-clang | 2.1-0.0 | 516.71 | NOTE | |||
r-devel-linux-x86_64-fedora-gcc | 2.1-0.0 | 532.68 | OK | |||
r-devel-windows-x86_64 | 2.1-0.0 | 55.00 | 219.00 | 274.00 | NOTE | |
r-patched-linux-x86_64 | 2.1-0.0 | 61.75 | 235.88 | 297.63 | OK | |
r-release-linux-x86_64 | 2.1-0.0 | 58.41 | 235.07 | 293.48 | OK | |
r-release-macos-arm64 | 2.1-0.0 | 125.00 | NOTE | |||
r-release-macos-x86_64 | 2.1-0.0 | 198.00 | NOTE | |||
r-release-windows-x86_64 | 2.1-0.0 | 58.00 | 220.00 | 278.00 | NOTE | |
r-oldrel-macos-arm64 | 2.1-0.0 | 160.00 | NOTE | |||
r-oldrel-macos-x86_64 | 2.1-0.0 | 325.00 | NOTE | |||
r-oldrel-windows-x86_64 | 2.1-0.0 | 79.00 | 295.00 | 374.00 | NOTE |
Version: 2.1-0.0
Check: package dependencies
Result: NOTE
Imports includes 22 non-default packages.
Importing from so many packages makes the package vulnerable to any of
them becoming unavailable. Move as many as possible to Suggests and
use conditionally.
Flavor: r-devel-linux-x86_64-fedora-clang
Version: 2.1-0.0
Check: installed package size
Result: NOTE
installed size is 6.5Mb
sub-directories of 1Mb or more:
R 1.3Mb
doc 3.8Mb
Flavors: r-devel-linux-x86_64-fedora-clang, r-devel-windows-x86_64, r-release-macos-arm64, r-release-macos-x86_64, r-release-windows-x86_64, r-oldrel-macos-arm64, r-oldrel-macos-x86_64, r-oldrel-windows-x86_64