Last updated on 2024-08-16 01:48:30 CEST.
Flavor | Version | Tinstall | Tcheck | Ttotal | Status | Flags |
---|---|---|---|---|---|---|
r-devel-linux-x86_64-debian-clang | 2024.1.31 | 86.77 | 99.02 | 185.79 | OK | |
r-devel-linux-x86_64-debian-gcc | 2024.1.31 | 74.30 | 77.14 | 151.44 | OK | |
r-devel-linux-x86_64-fedora-clang | 2024.1.31 | 290.05 | OK | |||
r-devel-linux-x86_64-fedora-gcc | 2024.1.31 | 394.59 | OK | |||
r-devel-windows-x86_64 | 2024.1.31 | 82.00 | 126.00 | 208.00 | NOTE | |
r-patched-linux-x86_64 | 2024.1.31 | 99.76 | 96.53 | 196.29 | OK | |
r-release-linux-x86_64 | 2024.1.31 | 103.38 | 97.50 | 200.88 | OK | |
r-release-macos-arm64 | 2024.1.31 | 88.00 | NOTE | |||
r-release-macos-x86_64 | 2024.1.31 | 146.00 | NOTE | |||
r-release-windows-x86_64 | 2024.1.31 | 81.00 | 126.00 | 207.00 | NOTE | |
r-oldrel-macos-arm64 | 2024.1.31 | 93.00 | NOTE | |||
r-oldrel-macos-x86_64 | 2024.1.31 | 208.00 | NOTE | |||
r-oldrel-windows-x86_64 | 2024.1.31 | 103.00 | 163.00 | 266.00 | NOTE |
Version: 2024.1.31
Check: installed package size
Result: NOTE
installed size is 13.4Mb
sub-directories of 1Mb or more:
libs 12.6Mb
Flavors: r-devel-windows-x86_64, r-release-macos-arm64, r-release-macos-x86_64, r-release-windows-x86_64, r-oldrel-macos-arm64, r-oldrel-macos-x86_64, r-oldrel-windows-x86_64