Last updated on 2024-05-27 02:48:18 CEST.
Flavor | Version | Tinstall | Tcheck | Ttotal | Status | Flags |
---|---|---|---|---|---|---|
r-devel-linux-x86_64-debian-clang | 0.1.8 | 22.20 | 46.54 | 68.74 | NOTE | |
r-devel-linux-x86_64-debian-gcc | 0.1.8 | 15.25 | 34.54 | 49.79 | NOTE | |
r-devel-linux-x86_64-fedora-clang | 0.1.8 | 94.86 | NOTE | |||
r-devel-linux-x86_64-fedora-gcc | 0.1.8 | 87.39 | NOTE | |||
r-devel-windows-x86_64 | 0.1.8 | 19.00 | 88.00 | 107.00 | NOTE | |
r-patched-linux-x86_64 | 0.1.8 | 18.12 | 45.71 | 63.83 | NOTE | |
r-release-linux-x86_64 | 0.1.8 | 19.44 | 45.78 | 65.22 | NOTE | |
r-release-macos-arm64 | 0.1.8 | 27.00 | NOTE | |||
r-release-windows-x86_64 | 0.1.8 | 18.00 | 78.00 | 96.00 | NOTE | |
r-oldrel-macos-arm64 | 0.1.8 | 28.00 | OK | |||
r-oldrel-macos-x86_64 | 0.1.8 | 62.00 | OK | |||
r-oldrel-windows-x86_64 | 0.1.8 | 23.00 | 115.00 | 138.00 | OK |
Version: 0.1.8
Check: Rd files
Result: NOTE
checkRd: (-1) predict.DNFOptim.Rd:28: Lost braces in \itemize; \value handles \item{}{} directly
checkRd: (-1) predict.DNFOptim.Rd:29: Lost braces in \itemize; \value handles \item{}{} directly
checkRd: (-1) predict.DNFOptim.Rd:30: Lost braces in \itemize; \value handles \item{}{} directly
checkRd: (-1) predict.DNFOptim.Rd:34: Lost braces in \itemize; \value handles \item{}{} directly
checkRd: (-1) predict.DNFOptim.Rd:35: Lost braces in \itemize; \value handles \item{}{} directly
checkRd: (-1) predict.DNFOptim.Rd:36: Lost braces in \itemize; \value handles \item{}{} directly
checkRd: (-1) summary.DNFOptim.Rd:29: Lost braces in \itemize; \value handles \item{}{} directly
checkRd: (-1) summary.DNFOptim.Rd:30: Lost braces in \itemize; \value handles \item{}{} directly
checkRd: (-1) summary.DNFOptim.Rd:31: Lost braces in \itemize; \value handles \item{}{} directly
checkRd: (-1) summary.DNFOptim.Rd:32: Lost braces in \itemize; \value handles \item{}{} directly
Flavors: r-devel-linux-x86_64-debian-clang, r-devel-linux-x86_64-debian-gcc, r-devel-linux-x86_64-fedora-clang, r-devel-linux-x86_64-fedora-gcc, r-devel-windows-x86_64, r-patched-linux-x86_64, r-release-linux-x86_64, r-release-macos-arm64, r-release-windows-x86_64