Last updated on 2024-08-16 01:48:29 CEST.
Flavor | Version | Tinstall | Tcheck | Ttotal | Status | Flags |
---|---|---|---|---|---|---|
r-devel-linux-x86_64-debian-clang | 1.2.0 | 10.51 | 67.49 | 78.00 | OK | |
r-devel-linux-x86_64-debian-gcc | 1.2.0 | 7.40 | 50.51 | 57.91 | OK | |
r-devel-linux-x86_64-fedora-clang | 1.2.0 | 132.02 | NOTE | |||
r-devel-linux-x86_64-fedora-gcc | 1.2.0 | 127.28 | OK | |||
r-devel-windows-x86_64 | 1.2.0 | 16.00 | 98.00 | 114.00 | NOTE | |
r-patched-linux-x86_64 | 1.2.0 | 10.49 | 65.25 | 75.74 | OK | |
r-release-linux-x86_64 | 1.2.0 | 10.60 | 64.77 | 75.37 | OK | |
r-release-macos-arm64 | 1.2.0 | 36.00 | NOTE | |||
r-release-macos-x86_64 | 1.2.0 | 96.00 | NOTE | |||
r-release-windows-x86_64 | 1.2.0 | 16.00 | 96.00 | 112.00 | NOTE | |
r-oldrel-macos-arm64 | 1.2.0 | 42.00 | NOTE | |||
r-oldrel-macos-x86_64 | 1.2.0 | 83.00 | NOTE | |||
r-oldrel-windows-x86_64 | 1.2.0 | 21.00 | 114.00 | 135.00 | NOTE |
Version: 1.2.0
Check: installed package size
Result: NOTE
installed size is 19.3Mb
sub-directories of 1Mb or more:
extdata 18.1Mb
Flavors: r-devel-linux-x86_64-fedora-clang, r-devel-windows-x86_64, r-release-macos-arm64, r-release-macos-x86_64, r-release-windows-x86_64, r-oldrel-macos-arm64, r-oldrel-macos-x86_64, r-oldrel-windows-x86_64