Last updated on 2025-02-10 02:50:04 CET.
Flavor | Version | Tinstall | Tcheck | Ttotal | Status | Flags |
---|---|---|---|---|---|---|
r-devel-linux-x86_64-debian-clang | 1.0.3 | 2.62 | 29.58 | 32.20 | OK | |
r-devel-linux-x86_64-debian-gcc | 1.0.3 | 2.03 | 24.80 | 26.83 | OK | |
r-devel-linux-x86_64-fedora-clang | 1.0.3 | 51.57 | OK | |||
r-devel-linux-x86_64-fedora-gcc | 1.0.3 | 47.22 | OK | |||
r-devel-windows-x86_64 | 1.0.3 | 5.00 | 50.00 | 55.00 | OK | |
r-patched-linux-x86_64 | 1.0.3 | 2.44 | 28.69 | 31.13 | OK | |
r-release-linux-x86_64 | 1.0.3 | 2.37 | 28.26 | 30.63 | OK | |
r-release-macos-arm64 | 1.0.3 | 25.00 | OK | |||
r-release-macos-x86_64 | 1.0.3 | 59.00 | OK | |||
r-release-windows-x86_64 | 1.0.3 | 4.00 | 50.00 | 54.00 | OK | |
r-oldrel-macos-arm64 | 1.0.2 | 20.00 | OK | |||
r-oldrel-macos-x86_64 | 1.0.2 | 29.00 | NOTE | |||
r-oldrel-windows-x86_64 | 1.0.3 | 4.00 | 56.00 | 60.00 | OK |
Version: 1.0.2
Check: package dependencies
Result: NOTE
Package suggested but not available for checking: ‘Ecdat’
Flavor: r-oldrel-macos-x86_64