Last updated on 2024-08-16 01:48:30 CEST.
Flavor | Version | Tinstall | Tcheck | Ttotal | Status | Flags |
---|---|---|---|---|---|---|
r-devel-linux-x86_64-debian-clang | 0.3.10 | 7.51 | 148.61 | 156.12 | OK | |
r-devel-linux-x86_64-debian-gcc | 0.3.10 | 5.61 | 106.26 | 111.87 | OK | |
r-devel-linux-x86_64-fedora-clang | 0.3.10 | 261.84 | NOTE | |||
r-devel-linux-x86_64-fedora-gcc | 0.3.10 | 253.60 | NOTE | |||
r-devel-windows-x86_64 | 0.3.10 | 10.00 | 142.00 | 152.00 | OK | |
r-patched-linux-x86_64 | 0.3.10 | 9.11 | 141.96 | 151.07 | OK | |
r-release-linux-x86_64 | 0.3.10 | 7.96 | 141.96 | 149.92 | OK | |
r-release-macos-arm64 | 0.3.10 | 61.00 | OK | |||
r-release-macos-x86_64 | 0.3.10 | 113.00 | OK | |||
r-release-windows-x86_64 | 0.3.10 | 10.00 | 140.00 | 150.00 | OK | |
r-oldrel-macos-arm64 | 0.3.10 | 69.00 | OK | |||
r-oldrel-macos-x86_64 | 0.3.10 | 143.00 | OK | |||
r-oldrel-windows-x86_64 | 0.3.10 | 15.00 | 171.00 | 186.00 | OK |
Version: 0.3.10
Check: dependencies in R code
Result: NOTE
Namespace in Imports field not imported from: ‘qpdf’
All declared Imports should be used.
Flavors: r-devel-linux-x86_64-fedora-clang, r-devel-linux-x86_64-fedora-gcc
Version: 0.3.10
Check: Rd cross-references
Result: NOTE
Undeclared packages ‘ggthemes’, ‘DataExplorer’ in Rd xrefs
Flavor: r-devel-linux-x86_64-fedora-clang