Last updated on 2024-08-16 01:48:32 CEST.
Flavor | Version | Tinstall | Tcheck | Ttotal | Status | Flags |
---|---|---|---|---|---|---|
r-devel-linux-x86_64-debian-clang | 1.0.1 | 2.41 | 27.82 | 30.23 | OK | |
r-devel-linux-x86_64-debian-gcc | 1.0.1 | 1.92 | 21.64 | 23.56 | OK | |
r-devel-linux-x86_64-fedora-clang | 1.0.1 | 48.12 | NOTE | |||
r-devel-linux-x86_64-fedora-gcc | 1.0.1 | 44.94 | NOTE | |||
r-devel-windows-x86_64 | 1.0.1 | 3.00 | 53.00 | 56.00 | OK | |
r-patched-linux-x86_64 | 1.0.1 | 2.43 | 26.15 | 28.58 | OK | |
r-release-linux-x86_64 | 1.0.1 | 2.41 | 26.48 | 28.89 | OK | |
r-release-macos-arm64 | 1.0.1 | 21.00 | OK | |||
r-release-macos-x86_64 | 1.0.1 | 29.00 | OK | |||
r-release-windows-x86_64 | 1.0.1 | 4.00 | 54.00 | 58.00 | OK | |
r-oldrel-macos-arm64 | 1.0.1 | 22.00 | OK | |||
r-oldrel-macos-x86_64 | 1.0.1 | 29.00 | OK | |||
r-oldrel-windows-x86_64 | 1.0.1 | 5.00 | 59.00 | 64.00 | OK |
Version: 1.0.1
Check: dependencies in R code
Result: NOTE
Namespace in Imports field not imported from: ‘utils’
All declared Imports should be used.
Flavors: r-devel-linux-x86_64-fedora-clang, r-devel-linux-x86_64-fedora-gcc