Last updated on 2025-10-25 01:51:19 CEST.
| Flavor | Version | Tinstall | Tcheck | Ttotal | Status | Flags |
|---|---|---|---|---|---|---|
| r-devel-linux-x86_64-debian-clang | 3.0.4 | 63.66 | 170.54 | 234.20 | OK | |
| r-devel-linux-x86_64-debian-gcc | 3.0.4 | 38.27 | 129.40 | 167.67 | OK | |
| r-devel-linux-x86_64-fedora-clang | 3.0.4 | 152.00 | 259.69 | 411.69 | OK | |
| r-devel-linux-x86_64-fedora-gcc | 3.0.4 | 126.00 | 243.29 | 369.29 | OK | |
| r-devel-windows-x86_64 | 3.0.4 | 78.00 | 566.00 | 644.00 | OK | |
| r-patched-linux-x86_64 | 3.0.4 | 59.70 | 165.23 | 224.93 | OK | |
| r-release-linux-x86_64 | 3.0.4 | 57.45 | 164.94 | 222.39 | OK | |
| r-release-macos-arm64 | 3.0.4 | 30.00 | 236.00 | 266.00 | OK | |
| r-release-macos-x86_64 | 3.0.4 | 22.00 | 387.00 | 409.00 | OK | |
| r-release-windows-x86_64 | 3.0.4 | 81.00 | 395.00 | 476.00 | OK | |
| r-oldrel-macos-arm64 | 3.0.4 | 23.00 | 207.00 | 230.00 | NOTE | |
| r-oldrel-macos-x86_64 | 3.0.4 | 21.00 | 316.00 | 337.00 | NOTE | |
| r-oldrel-windows-x86_64 | 3.0.4 | 92.00 | 533.00 | 625.00 | NOTE |
Version: 3.0.4
Check: installed package size
Result: NOTE
installed size is 10.5Mb
sub-directories of 1Mb or more:
doc 8.2Mb
libs 1.8Mb
Flavors: r-oldrel-macos-arm64, r-oldrel-macos-x86_64, r-oldrel-windows-x86_64