Last updated on 2024-08-16 01:48:32 CEST.
Flavor | Version | Tinstall | Tcheck | Ttotal | Status | Flags |
---|---|---|---|---|---|---|
r-devel-linux-x86_64-debian-clang | 1.1.11 | 25.97 | 248.30 | 274.27 | OK | |
r-devel-linux-x86_64-debian-gcc | 1.1.11 | 17.77 | 168.22 | 185.99 | OK | |
r-devel-linux-x86_64-fedora-clang | 1.1.11 | 459.86 | OK | |||
r-devel-linux-x86_64-fedora-gcc | 1.1.11 | 459.15 | OK | |||
r-devel-windows-x86_64 | 1.1.11 | 26.00 | 220.00 | 246.00 | OK | |
r-patched-linux-x86_64 | 1.1.11 | 27.82 | 230.54 | 258.36 | OK | |
r-release-linux-x86_64 | 1.1.11 | 26.04 | 235.88 | 261.92 | OK | |
r-release-macos-arm64 | 1.1.11 | 128.00 | OK | |||
r-release-macos-x86_64 | 1.1.11 | 347.00 | OK | |||
r-release-windows-x86_64 | 1.1.11 | 29.00 | 219.00 | 248.00 | OK | |
r-oldrel-macos-arm64 | 1.1.11 | 142.00 | ERROR | |||
r-oldrel-macos-x86_64 | 1.1.11 | 310.00 | ERROR | |||
r-oldrel-windows-x86_64 | 1.1.11 | 37.00 | 284.00 | 321.00 | OK |
Version: 1.1.11
Check: running R code from vignettes
Result: ERROR
Errors in running code in vignettes:
when running code in ‘TKCat.Rmd’
...
> knitr::opts_chunk$set(eval = Sys.getenv("USER") %in%
+ c("pgodard"))
> k <- chTKCat(host = "localhost", port = 9111, drv = ClickHouseHTTP::ClickHouseHTTP(),
+ user = "default", password = "")
When sourcing ‘TKCat.R’:
Error: Failed to connect to localhost port 9111 after 0 ms: Couldn't connect to server
Execution halted
‘TKCat-KMR-POK.Rmd’ using ‘UTF-8’... [4s/5s] OK
‘TKCat.Rmd’ using ‘UTF-8’... failed
Flavor: r-oldrel-macos-arm64
Version: 1.1.11
Check: running R code from vignettes
Result: ERROR
Errors in running code in vignettes:
when running code in ‘TKCat.Rmd’
...
> knitr::opts_chunk$set(eval = Sys.getenv("USER") %in%
+ c("pgodard"))
> k <- chTKCat(host = "localhost", port = 9111, drv = ClickHouseHTTP::ClickHouseHTTP(),
+ user = "default", password = "")
When sourcing ‘TKCat.R’:
Error: Failed to connect to localhost port 9111 after 1 ms: Couldn't connect to server
Execution halted
‘TKCat-KMR-POK.Rmd’ using ‘UTF-8’... [7s/8s] OK
‘TKCat.Rmd’ using ‘UTF-8’... failed
Flavor: r-oldrel-macos-x86_64