Last updated on 2025-05-12 01:49:27 CEST.
Flavor | Version | Tinstall | Tcheck | Ttotal | Status | Flags |
---|---|---|---|---|---|---|
r-devel-linux-x86_64-debian-clang | 0.7.5.3 | 25.68 | 271.33 | 297.01 | NOTE | |
r-devel-linux-x86_64-debian-gcc | 0.7.5.3 | 18.69 | 148.05 | 166.74 | NOTE | |
r-devel-linux-x86_64-fedora-clang | 0.7.5.3 | 488.23 | OK | |||
r-devel-linux-x86_64-fedora-gcc | 0.7.5.3 | 489.19 | OK | |||
r-devel-windows-x86_64 | 0.7.5.3 | 32.00 | 312.00 | 344.00 | OK | |
r-patched-linux-x86_64 | 0.7.5.3 | 25.41 | 249.38 | 274.79 | OK | |
r-release-linux-x86_64 | 0.7.5.3 | 25.74 | 249.84 | 275.58 | OK | |
r-release-macos-arm64 | 0.7.5.3 | 134.00 | OK | |||
r-release-macos-x86_64 | 0.7.5.3 | 213.00 | OK | |||
r-release-windows-x86_64 | 0.7.5.3 | 32.00 | 324.00 | 356.00 | OK | |
r-oldrel-macos-arm64 | 0.7.5.3 | 107.00 | OK | |||
r-oldrel-macos-x86_64 | 0.7.5.3 | 180.00 | OK | |||
r-oldrel-windows-x86_64 | 0.7.5.3 | 39.00 | 352.00 | 391.00 | OK |
Version: 0.7.5.3
Check: CRAN incoming feasibility
Result: NOTE
Maintainer: ‘Jona Lilienthal <lilienthal@statistik.tu-dortmund.de>’
No Authors@R field in DESCRIPTION.
Please add one, modifying
Authors@R: person(given = "Jona",
family = "Lilienthal",
role = c("aut", "cre"),
email = "lilienthal@statistik.tu-dortmund.de")
as necessary.
Flavors: r-devel-linux-x86_64-debian-clang, r-devel-linux-x86_64-debian-gcc