Last updated on 2025-11-11 01:50:08 CET.
| Flavor | Version | Tinstall | Tcheck | Ttotal | Status | Flags |
|---|---|---|---|---|---|---|
| r-devel-linux-x86_64-debian-clang | 1.3.1 | 12.35 | 98.10 | 110.45 | NOTE | |
| r-devel-linux-x86_64-debian-gcc | 1.3.1 | 7.48 | 70.35 | 77.83 | NOTE | |
| r-devel-linux-x86_64-fedora-clang | 1.3.1 | 22.00 | 144.72 | 166.72 | NOTE | |
| r-devel-linux-x86_64-fedora-gcc | 1.3.1 | 24.00 | 140.93 | 164.93 | NOTE | |
| r-devel-windows-x86_64 | 1.3.1 | 15.00 | 297.00 | 312.00 | NOTE | |
| r-patched-linux-x86_64 | 1.3.1 | 12.29 | 93.94 | 106.23 | NOTE | |
| r-release-linux-x86_64 | 1.3.1 | 10.73 | 93.79 | 104.52 | NOTE | |
| r-release-macos-arm64 | 1.3.1 | 6.00 | 51.00 | 57.00 | NOTE | |
| r-release-macos-x86_64 | 1.3.1 | 12.00 | 98.00 | 110.00 | NOTE | |
| r-release-windows-x86_64 | 1.3.1 | 14.00 | 125.00 | 139.00 | NOTE | |
| r-oldrel-macos-arm64 | 1.3.1 | 5.00 | 45.00 | 50.00 | NOTE | |
| r-oldrel-macos-x86_64 | 1.3.1 | 10.00 | 81.00 | 91.00 | NOTE | |
| r-oldrel-windows-x86_64 | 1.3.1 | 19.00 | 156.00 | 175.00 | NOTE |
Version: 1.3.1
Check: CRAN incoming feasibility
Result: NOTE
Maintainer: ‘Kung-Sik Chan <kungsik.chan@gmail.com>’
No Authors@R field in DESCRIPTION.
Please add one, modifying
Authors@R: c(person(given = "Kung-Sik",
family = "Chan",
role = c("aut", "cre"),
email = "kungsik.chan@gmail.com"),
person(given = "Brian",
family = "Ripley",
role = "aut"))
as necessary.
Flavors: r-devel-linux-x86_64-debian-clang, r-devel-linux-x86_64-debian-gcc
Version: 1.3.1
Check: Rd files
Result: NOTE
checkRd: (-1) summary.armasubsets.Rd:16: Lost braces
16 | \item{matrix.logical}{With matrix=TRUE, the matrix is logical TRUE/FALSE or string "*"/code{" "}}
| ^
Flavors: r-devel-linux-x86_64-debian-clang, r-devel-linux-x86_64-debian-gcc, r-devel-linux-x86_64-fedora-clang, r-devel-linux-x86_64-fedora-gcc, r-devel-windows-x86_64, r-patched-linux-x86_64, r-release-linux-x86_64, r-release-macos-arm64, r-release-macos-x86_64, r-release-windows-x86_64, r-oldrel-macos-arm64, r-oldrel-macos-x86_64, r-oldrel-windows-x86_64
Version: 1.3.1
Check: dependencies in R code
Result: NOTE
Namespace in Imports field not imported from: ‘tseries’
All declared Imports should be used.
Flavors: r-devel-linux-x86_64-fedora-clang, r-devel-linux-x86_64-fedora-gcc