Last updated on 2024-08-16 01:48:32 CEST.
Flavor | Version | Tinstall | Tcheck | Ttotal | Status | Flags |
---|---|---|---|---|---|---|
r-devel-linux-x86_64-debian-clang | 0.1.0 | 2.16 | 19.24 | 21.40 | OK | |
r-devel-linux-x86_64-debian-gcc | 0.1.0 | 1.69 | 15.36 | 17.05 | OK | |
r-devel-linux-x86_64-fedora-clang | 0.1.0 | 34.23 | NOTE | |||
r-devel-linux-x86_64-fedora-gcc | 0.1.0 | 31.80 | NOTE | |||
r-devel-windows-x86_64 | 0.1.0 | 3.00 | 144.00 | 147.00 | OK | |
r-patched-linux-x86_64 | 0.1.0 | 2.22 | 18.68 | 20.90 | OK | |
r-release-linux-x86_64 | 0.1.0 | 1.87 | 18.71 | 20.58 | OK | |
r-release-macos-arm64 | 0.1.0 | 15.00 | OK | |||
r-release-macos-x86_64 | 0.1.0 | 21.00 | OK | |||
r-release-windows-x86_64 | 0.1.0 | 3.00 | 152.00 | 155.00 | OK | |
r-oldrel-macos-arm64 | 0.1.0 | 16.00 | OK | |||
r-oldrel-macos-x86_64 | 0.1.0 | 21.00 | OK | |||
r-oldrel-windows-x86_64 | 0.1.0 | 4.00 | 189.00 | 193.00 | OK |
Version: 0.1.0
Check: dependencies in R code
Result: NOTE
Namespace in Imports field not imported from: ‘stats’
All declared Imports should be used.
Flavors: r-devel-linux-x86_64-fedora-clang, r-devel-linux-x86_64-fedora-gcc