Last updated on 2024-08-16 01:48:33 CEST.
Flavor | Version | Tinstall | Tcheck | Ttotal | Status | Flags |
---|---|---|---|---|---|---|
r-devel-linux-x86_64-debian-clang | 0.99.1 | 26.85 | 464.12 | 490.97 | NOTE | |
r-devel-linux-x86_64-debian-gcc | 0.99.1 | 21.31 | 363.94 | 385.25 | NOTE | |
r-devel-linux-x86_64-fedora-clang | 0.99.1 | 758.98 | OK | |||
r-devel-linux-x86_64-fedora-gcc | 0.99.1 | 737.15 | OK | |||
r-devel-windows-x86_64 | 0.99.1 | 30.00 | 389.00 | 419.00 | NOTE | |
r-patched-linux-x86_64 | 0.99.1 | 28.78 | 436.26 | 465.04 | OK | |
r-release-linux-x86_64 | 0.99.1 | 28.19 | 442.73 | 470.92 | OK | |
r-release-macos-arm64 | 0.99.1 | 219.00 | OK | |||
r-release-macos-x86_64 | 0.99.1 | 322.00 | OK | |||
r-release-windows-x86_64 | 0.99.1 | 30.00 | 398.00 | 428.00 | OK | |
r-oldrel-macos-arm64 | 0.99.1 | 203.00 | OK | |||
r-oldrel-macos-x86_64 | 0.99.1 | 322.00 | OK | |||
r-oldrel-windows-x86_64 | 0.99.1 | 41.00 | 524.00 | 565.00 | OK |
Version: 0.99.1
Check: Rd cross-references
Result: NOTE
Found the following Rd file(s) with Rd \link{} targets missing package
anchors:
VSOLassoBag.Rd: coxph
Please provide package anchors for all Rd \link{} targets not in the
package itself and the base packages.
Flavors: r-devel-linux-x86_64-debian-clang, r-devel-linux-x86_64-debian-gcc, r-devel-windows-x86_64