Last updated on 2024-08-16 01:48:33 CEST.
Flavor | Version | Tinstall | Tcheck | Ttotal | Status | Flags |
---|---|---|---|---|---|---|
r-devel-linux-x86_64-debian-clang | 2.1.3.1 | 200.50 | 128.89 | 329.39 | OK | |
r-devel-linux-x86_64-debian-gcc | 2.1.3.1 | 144.37 | 82.48 | 226.85 | OK | |
r-devel-linux-x86_64-fedora-clang | 2.1.3.1 | 643.89 | OK | |||
r-devel-linux-x86_64-fedora-gcc | 2.1.3.1 | 649.88 | OK | |||
r-devel-windows-x86_64 | 2.1.3.1 | 217.00 | 174.00 | 391.00 | OK | |
r-patched-linux-x86_64 | 2.1.3.1 | 189.03 | 110.95 | 299.98 | OK | |
r-release-linux-x86_64 | 2.1.3.1 | 186.27 | 111.67 | 297.94 | OK | |
r-release-macos-arm64 | 2.1.3.1 | 140.00 | NOTE | |||
r-release-macos-x86_64 | 2.1.3.1 | 168.00 | NOTE | |||
r-release-windows-x86_64 | 2.1.3.1 | 227.00 | 178.00 | 405.00 | OK | |
r-oldrel-macos-arm64 | 2.1.3.1 | 175.00 | NOTE | |||
r-oldrel-macos-x86_64 | 2.1.3.1 | 299.00 | NOTE | |||
r-oldrel-windows-x86_64 | 2.1.3.1 | 259.00 | 205.00 | 464.00 | OK |
Version: 2.1.3.1
Check: installed package size
Result: NOTE
installed size is 8.4Mb
sub-directories of 1Mb or more:
libs 7.6Mb
Flavors: r-release-macos-arm64, r-release-macos-x86_64, r-oldrel-macos-arm64, r-oldrel-macos-x86_64