CRAN Package Check Results for Package WikidataQueryServiceR

Last updated on 2025-11-15 03:50:35 CET.

Flavor Version Tinstall Tcheck Ttotal Status Flags
r-devel-linux-x86_64-debian-clang 1.0.0 1.72 25.55 27.27 OK
r-devel-linux-x86_64-debian-gcc 1.0.0 1.37 21.23 22.60 OK
r-devel-linux-x86_64-fedora-clang 1.0.0 38.19 OK
r-devel-linux-x86_64-fedora-gcc 1.0.0 36.72 OK
r-devel-windows-x86_64 1.0.0 6.00 43.00 49.00 OK
r-patched-linux-x86_64 1.0.0 1.89 22.82 24.71 OK
r-release-linux-x86_64 1.0.0 1.72 22.36 24.08 OK
r-release-macos-arm64 1.0.0 1.00 20.00 21.00 OK
r-release-macos-x86_64 1.0.0 2.00 33.00 35.00 OK
r-release-windows-x86_64 1.0.0 4.00 42.00 46.00 OK
r-oldrel-macos-arm64 1.0.0 1.00 20.00 21.00 NOTE
r-oldrel-macos-x86_64 1.0.0 2.00 27.00 29.00 NOTE
r-oldrel-windows-x86_64 1.0.0 4.00 50.00 54.00 NOTE

Check Details

Version: 1.0.0
Check: LazyData
Result: NOTE 'LazyData' is specified without a 'data' directory Flavors: r-oldrel-macos-arm64, r-oldrel-macos-x86_64, r-oldrel-windows-x86_64