Last updated on 2024-08-16 01:48:34 CEST.
Flavor | Version | Tinstall | Tcheck | Ttotal | Status | Flags |
---|---|---|---|---|---|---|
r-devel-linux-x86_64-debian-clang | 0.1.6 | 5.78 | 59.39 | 65.17 | NOTE | |
r-devel-linux-x86_64-debian-gcc | 0.1.6 | 4.14 | 42.53 | 46.67 | NOTE | |
r-devel-linux-x86_64-fedora-clang | 0.1.6 | 103.24 | NOTE | |||
r-devel-linux-x86_64-fedora-gcc | 0.1.6 | 98.23 | NOTE | |||
r-devel-windows-x86_64 | 0.1.6 | 7.00 | 95.00 | 102.00 | NOTE | |
r-patched-linux-x86_64 | 0.1.6 | 6.03 | 55.35 | 61.38 | NOTE | |
r-release-linux-x86_64 | 0.1.6 | 4.97 | 55.73 | 60.70 | NOTE | |
r-release-macos-arm64 | 0.1.6 | 42.00 | NOTE | |||
r-release-macos-x86_64 | 0.1.6 | 54.00 | NOTE | |||
r-release-windows-x86_64 | 0.1.6 | 9.00 | 94.00 | 103.00 | NOTE | |
r-oldrel-macos-arm64 | 0.1.6 | 35.00 | NOTE | |||
r-oldrel-macos-x86_64 | 0.1.6 | 54.00 | NOTE | |||
r-oldrel-windows-x86_64 | 0.1.6 | 10.00 | 109.00 | 119.00 | NOTE |
Version: 0.1.6
Check: LazyData
Result: NOTE
'LazyData' is specified without a 'data' directory
Flavors: r-devel-linux-x86_64-debian-clang, r-devel-linux-x86_64-debian-gcc, r-devel-linux-x86_64-fedora-clang, r-devel-linux-x86_64-fedora-gcc, r-devel-windows-x86_64, r-patched-linux-x86_64, r-release-linux-x86_64, r-release-macos-arm64, r-release-macos-x86_64, r-release-windows-x86_64, r-oldrel-macos-arm64, r-oldrel-macos-x86_64, r-oldrel-windows-x86_64