Last updated on 2024-08-16 01:48:12 CEST.
Flavor | Version | Tinstall | Tcheck | Ttotal | Status | Flags |
---|---|---|---|---|---|---|
r-devel-linux-x86_64-debian-clang | 0.1.5 | 11.04 | 112.33 | 123.37 | NOTE | |
r-devel-linux-x86_64-debian-gcc | 0.1.5 | 9.45 | 79.06 | 88.51 | NOTE | |
r-devel-linux-x86_64-fedora-clang | 0.1.5 | 202.03 | OK | |||
r-devel-linux-x86_64-fedora-gcc | 0.1.5 | 256.20 | OK | |||
r-devel-windows-x86_64 | 0.1.5 | 16.00 | 127.00 | 143.00 | NOTE | |
r-patched-linux-x86_64 | 0.1.5 | 19.22 | 104.32 | 123.54 | OK | |
r-release-linux-x86_64 | 0.1.5 | 13.91 | 106.23 | 120.14 | OK | |
r-release-macos-arm64 | 0.1.5 | 82.00 | OK | |||
r-release-macos-x86_64 | 0.1.5 | 126.00 | OK | |||
r-release-windows-x86_64 | 0.1.5 | 17.00 | 124.00 | 141.00 | OK | |
r-oldrel-macos-arm64 | 0.1.5 | 92.00 | OK | |||
r-oldrel-macos-x86_64 | 0.1.5 | 149.00 | OK | |||
r-oldrel-windows-x86_64 | 0.1.5 | 21.00 | 147.00 | 168.00 | OK |
Version: 0.1.5
Check: Rd cross-references
Result: NOTE
Found the following Rd file(s) with Rd \link{} targets missing package
anchors:
adjustIntercept.Rd: cpglm, cpglmm, data.table
findbars.Rd: mkRespMod, mkReTrms, nlformula, subbars
plotRE.Rd: ggplot2, ggplot
weights-actuaRE.Rd: cpglm
Please provide package anchors for all Rd \link{} targets not in the
package itself and the base packages.
Flavors: r-devel-linux-x86_64-debian-clang, r-devel-linux-x86_64-debian-gcc, r-devel-windows-x86_64