Last updated on 2024-08-16 01:48:12 CEST.
Flavor | Version | Tinstall | Tcheck | Ttotal | Status | Flags |
---|---|---|---|---|---|---|
r-devel-linux-x86_64-debian-clang | 0.1.6 | 6.66 | 52.34 | 59.00 | NOTE | |
r-devel-linux-x86_64-debian-gcc | 0.1.6 | 4.64 | 37.09 | 41.73 | NOTE | |
r-devel-linux-x86_64-fedora-clang | 0.1.6 | 93.65 | NOTE | |||
r-devel-linux-x86_64-fedora-gcc | 0.1.6 | 102.61 | NOTE | |||
r-devel-windows-x86_64 | 0.1.6 | 9.00 | 69.00 | 78.00 | NOTE | |
r-patched-linux-x86_64 | 0.1.6 | 7.13 | 47.60 | 54.73 | NOTE | |
r-release-linux-x86_64 | 0.1.6 | 6.54 | 49.24 | 55.78 | NOTE | |
r-release-macos-arm64 | 0.1.6 | 34.00 | NOTE | |||
r-release-macos-x86_64 | 0.1.6 | 53.00 | NOTE | |||
r-release-windows-x86_64 | 0.1.6 | 9.00 | 64.00 | 73.00 | NOTE | |
r-oldrel-macos-arm64 | 0.1.6 | 38.00 | NOTE | |||
r-oldrel-macos-x86_64 | 0.1.6 | 53.00 | NOTE | |||
r-oldrel-windows-x86_64 | 0.1.6 | 11.00 | 76.00 | 87.00 | NOTE |
Version: 0.1.6
Check: LazyData
Result: NOTE
'LazyData' is specified without a 'data' directory
Flavors: r-devel-linux-x86_64-debian-clang, r-devel-linux-x86_64-debian-gcc, r-devel-linux-x86_64-fedora-clang, r-devel-linux-x86_64-fedora-gcc, r-devel-windows-x86_64, r-patched-linux-x86_64, r-release-linux-x86_64, r-release-macos-arm64, r-release-macos-x86_64, r-release-windows-x86_64, r-oldrel-macos-arm64, r-oldrel-macos-x86_64, r-oldrel-windows-x86_64