Last updated on 2025-11-20 02:49:08 CET.
| Flavor | Version | Tinstall | Tcheck | Ttotal | Status | Flags |
|---|---|---|---|---|---|---|
| r-devel-linux-x86_64-debian-clang | 0.4.1 | 8.04 | 118.26 | 126.30 | NOTE | |
| r-devel-linux-x86_64-debian-gcc | 0.4.1 | 5.44 | 83.46 | 88.90 | NOTE | |
| r-devel-linux-x86_64-fedora-clang | 0.4.1 | 17.00 | 191.16 | 208.16 | NOTE | |
| r-devel-linux-x86_64-fedora-gcc | 0.4.1 | 26.00 | 183.65 | 209.65 | NOTE | |
| r-devel-windows-x86_64 | 0.4.1 | 10.00 | 123.00 | 133.00 | OK | |
| r-patched-linux-x86_64 | 0.4.1 | 7.50 | 113.07 | 120.57 | OK | |
| r-release-linux-x86_64 | 0.4.1 | 6.75 | 113.46 | 120.21 | OK | |
| r-release-macos-arm64 | 0.4.1 | OK | ||||
| r-release-macos-x86_64 | 0.4.1 | 7.00 | 144.00 | 151.00 | OK | |
| r-release-windows-x86_64 | 0.4.1 | 9.00 | 123.00 | 132.00 | OK | |
| r-oldrel-macos-arm64 | 0.4.1 | OK | ||||
| r-oldrel-macos-x86_64 | 0.4.1 | 7.00 | 181.00 | 188.00 | OK | |
| r-oldrel-windows-x86_64 | 0.4.1 | 12.00 | 164.00 | 176.00 | OK |
Version: 0.4.1
Check: HTML version of manual
Result: NOTE
Found the following HTML validation problems:
aglm.html:1927:1 (residuals.AccurateGLM.Rd:33): Warning: <script> anchor "MathJax-script" already defined
Flavors: r-devel-linux-x86_64-debian-clang, r-devel-linux-x86_64-debian-gcc, r-devel-linux-x86_64-fedora-clang, r-devel-linux-x86_64-fedora-gcc