Last updated on 2024-08-16 01:48:12 CEST.
Flavor | Version | Tinstall | Tcheck | Ttotal | Status | Flags |
---|---|---|---|---|---|---|
r-devel-linux-x86_64-debian-clang | 0.1.4 | 16.87 | 145.30 | 162.17 | OK | |
r-devel-linux-x86_64-debian-gcc | 0.1.4 | 10.82 | 107.00 | 117.82 | OK | |
r-devel-linux-x86_64-fedora-clang | 0.1.4 | 263.03 | OK | |||
r-devel-linux-x86_64-fedora-gcc | 0.1.4 | 254.59 | OK | |||
r-devel-windows-x86_64 | 0.1.4 | 16.00 | 146.00 | 162.00 | OK | |
r-patched-linux-x86_64 | 0.1.4 | 16.44 | 134.88 | 151.32 | OK | |
r-release-linux-x86_64 | 0.1.4 | 15.78 | 138.87 | 154.65 | OK | |
r-release-macos-arm64 | 0.1.4 | 84.00 | OK | |||
r-release-macos-x86_64 | 0.1.4 | 177.00 | OK | |||
r-release-windows-x86_64 | 0.1.4 | 19.00 | 147.00 | 166.00 | OK | |
r-oldrel-macos-arm64 | 0.1.4 | 83.00 | ERROR | |||
r-oldrel-macos-x86_64 | 0.1.4 | 167.00 | ERROR | |||
r-oldrel-windows-x86_64 | 0.1.4 | 23.00 | 190.00 | 213.00 | OK |
Version: 0.1.4
Check: running R code from vignettes
Result: ERROR
Errors in running code in vignettes:
when running code in ‘agua.Rmd’
...
> knitr::opts_chunk$set(collapse = TRUE, comment = "#>",
+ fig.width = 8, fig.height = 5.75, out.width = "95%")
> options(digits = 3)
> knitr::include_graphics("../man/figures/vip.png")
When sourcing ‘agua.R’:
Error: Cannot find the file(s): "../man/figures/vip.png"
Execution halted
‘agua.Rmd’ using ‘UTF-8’... failed
Flavors: r-oldrel-macos-arm64, r-oldrel-macos-x86_64