Last updated on 2025-02-10 02:49:47 CET.
Flavor | Version | Tinstall | Tcheck | Ttotal | Status | Flags |
---|---|---|---|---|---|---|
r-devel-linux-x86_64-debian-clang | 1.0.5 | 1.94 | 309.57 | 311.51 | OK | |
r-devel-linux-x86_64-debian-gcc | 1.0.5 | 1.56 | 227.28 | 228.84 | OK | |
r-devel-linux-x86_64-fedora-clang | 1.0.5 | 516.73 | NOTE | |||
r-devel-linux-x86_64-fedora-gcc | 1.0.5 | 152.64 | NOTE | |||
r-devel-windows-x86_64 | 1.0.5 | 4.00 | 74.00 | 78.00 | OK | |
r-patched-linux-x86_64 | 1.0.5 | 1.81 | 330.10 | 331.91 | NOTE | |
r-release-linux-x86_64 | 1.0.5 | 1.88 | 305.09 | 306.97 | NOTE | |
r-release-macos-arm64 | 1.0.5 | 87.00 | NOTE | |||
r-release-macos-x86_64 | 1.0.5 | 117.00 | NOTE | |||
r-release-windows-x86_64 | 1.0.5 | 4.00 | 239.00 | 243.00 | NOTE | |
r-oldrel-macos-arm64 | 1.0.5 | 69.00 | NOTE | |||
r-oldrel-macos-x86_64 | 1.0.5 | 97.00 | NOTE | |||
r-oldrel-windows-x86_64 | 1.0.5 | 4.00 | 79.00 | 83.00 | NOTE |
Version: 1.0.5
Check: dependencies in R code
Result: NOTE
Namespaces in Imports field not imported from:
‘curl’ ‘httr’
All declared Imports should be used.
Flavors: r-devel-linux-x86_64-fedora-clang, r-devel-linux-x86_64-fedora-gcc
Version: 1.0.5
Check: LazyData
Result: NOTE
'LazyData' is specified without a 'data' directory
Flavors: r-patched-linux-x86_64, r-release-linux-x86_64, r-release-macos-arm64, r-release-macos-x86_64, r-release-windows-x86_64, r-oldrel-macos-arm64, r-oldrel-macos-x86_64, r-oldrel-windows-x86_64