Last updated on 2024-07-27 01:53:06 CEST.
Flavor | Version | Tinstall | Tcheck | Ttotal | Status | Flags |
---|---|---|---|---|---|---|
r-devel-linux-x86_64-debian-clang | 1.0.5 | 2.35 | 535.44 | 537.79 | NOTE | |
r-devel-linux-x86_64-debian-gcc | 1.0.5 | 1.92 | 377.46 | 379.38 | NOTE | |
r-devel-linux-x86_64-fedora-clang | 1.0.5 | 614.62 | NOTE | |||
r-devel-linux-x86_64-fedora-gcc | 1.0.5 | 369.09 | NOTE | |||
r-devel-windows-x86_64 | 1.0.5 | 4.00 | 86.00 | 90.00 | NOTE | |
r-patched-linux-x86_64 | 1.0.5 | NOTE | ||||
r-release-linux-x86_64 | 1.0.5 | 1.62 | 484.82 | 486.44 | NOTE | |
r-release-macos-arm64 | 1.0.5 | 87.00 | NOTE | |||
r-release-macos-x86_64 | 1.0.5 | 117.00 | NOTE | |||
r-release-windows-x86_64 | 1.0.5 | 3.00 | 76.00 | 79.00 | NOTE | |
r-oldrel-macos-arm64 | 1.0.5 | 69.00 | NOTE | |||
r-oldrel-macos-x86_64 | 1.0.5 | 97.00 | NOTE | |||
r-oldrel-windows-x86_64 | 1.0.5 | 4.00 | 78.00 | 82.00 | NOTE |
Version: 1.0.5
Check: LazyData
Result: NOTE
'LazyData' is specified without a 'data' directory
Flavors: r-devel-linux-x86_64-debian-clang, r-devel-linux-x86_64-debian-gcc, r-devel-linux-x86_64-fedora-clang, r-devel-linux-x86_64-fedora-gcc, r-devel-windows-x86_64, r-patched-linux-x86_64, r-release-linux-x86_64, r-release-macos-arm64, r-release-macos-x86_64, r-release-windows-x86_64, r-oldrel-macos-arm64, r-oldrel-macos-x86_64, r-oldrel-windows-x86_64
Version: 1.0.5
Check: dependencies in R code
Result: NOTE
Namespaces in Imports field not imported from:
‘curl’ ‘httr’
All declared Imports should be used.
Flavors: r-devel-linux-x86_64-fedora-clang, r-devel-linux-x86_64-fedora-gcc