Last updated on 2025-10-26 01:49:44 CEST.
| Flavor | Version | Tinstall | Tcheck | Ttotal | Status | Flags |
|---|---|---|---|---|---|---|
| r-devel-linux-x86_64-debian-clang | 0.3.5 | 7.22 | 67.30 | 74.52 | OK | |
| r-devel-linux-x86_64-debian-gcc | 0.3.5 | 4.71 | 47.90 | 52.61 | OK | |
| r-devel-linux-x86_64-fedora-clang | 0.3.5 | 14.00 | 101.00 | 115.00 | OK | |
| r-devel-linux-x86_64-fedora-gcc | 0.3.5 | 13.00 | 111.99 | 124.99 | OK | |
| r-devel-windows-x86_64 | 0.3.5 | 8.00 | 74.00 | 82.00 | OK | |
| r-patched-linux-x86_64 | 0.3.5 | 6.40 | 60.93 | 67.33 | OK | |
| r-release-linux-x86_64 | 0.3.5 | 6.06 | 61.68 | 67.74 | OK | |
| r-release-macos-arm64 | 0.3.5 | 4.00 | 46.00 | 50.00 | OK | |
| r-release-macos-x86_64 | 0.3.5 | 6.00 | 67.00 | 73.00 | OK | |
| r-release-windows-x86_64 | 0.3.5 | 12.00 | 75.00 | 87.00 | OK | |
| r-oldrel-macos-arm64 | 0.3.5 | 3.00 | 37.00 | 40.00 | NOTE | |
| r-oldrel-macos-x86_64 | 0.3.5 | 5.00 | 65.00 | 70.00 | NOTE | |
| r-oldrel-windows-x86_64 | 0.3.5 | 14.00 | 93.00 | 107.00 | NOTE |
Version: 0.3.5
Check: LazyData
Result: NOTE
'LazyData' is specified without a 'data' directory
Flavors: r-oldrel-macos-arm64, r-oldrel-macos-x86_64, r-oldrel-windows-x86_64