Last updated on 2024-08-16 01:48:13 CEST.
Flavor | Version | Tinstall | Tcheck | Ttotal | Status | Flags |
---|---|---|---|---|---|---|
r-devel-linux-x86_64-debian-clang | 1.7-7 | 25.13 | 149.27 | 174.40 | NOTE | |
r-devel-linux-x86_64-debian-gcc | 1.7-7 | 17.77 | 105.96 | 123.73 | NOTE | |
r-devel-linux-x86_64-fedora-clang | 1.7-7 | 268.77 | NOTE | |||
r-devel-linux-x86_64-fedora-gcc | 1.7-7 | 274.96 | NOTE | |||
r-devel-windows-x86_64 | 1.7-7 | 32.00 | 188.00 | 220.00 | NOTE | |
r-patched-linux-x86_64 | 1.7-7 | 23.83 | 141.26 | 165.09 | OK | |
r-release-linux-x86_64 | 1.7-7 | 21.34 | 142.71 | 164.05 | OK | |
r-release-macos-arm64 | 1.7-7 | 82.00 | OK | |||
r-release-macos-x86_64 | 1.7-7 | 130.00 | OK | |||
r-release-windows-x86_64 | 1.7-7 | 32.00 | 189.00 | 221.00 | OK | |
r-oldrel-macos-arm64 | 1.7-7 | 89.00 | OK | |||
r-oldrel-macos-x86_64 | 1.7-7 | 242.00 | OK | |||
r-oldrel-windows-x86_64 | 1.7-7 | 35.00 | 226.00 | 261.00 | OK |
Version: 1.7-7
Check: Rd cross-references
Result: NOTE
Found the following Rd file(s) with Rd \link{} targets missing package
anchors:
is.superset.Rd: ngCMatrix-class
itemMatrix-class.Rd: ngCMatrix-class
tidLists-class.Rd: ngCMatrix-class
Please provide package anchors for all Rd \link{} targets not in the
package itself and the base packages.
Flavors: r-devel-linux-x86_64-debian-clang, r-devel-linux-x86_64-debian-gcc, r-devel-windows-x86_64
Version: 1.7-7
Check: compiled code
Result: NOTE
File ‘arules/libs/arules.so’:
Found non-API call to R: ‘Rf_NonNullStringMatch’
Compiled code should not call non-API entry points in R.
See ‘Writing portable packages’ in the ‘Writing R Extensions’ manual,
and section ‘Moving into C API compliance’ for issues with the use of
non-API entry points.
Flavors: r-devel-linux-x86_64-debian-clang, r-devel-linux-x86_64-debian-gcc, r-devel-linux-x86_64-fedora-clang, r-devel-linux-x86_64-fedora-gcc
Version: 1.7-7
Check: compiled code
Result: NOTE
File 'arules/libs/x64/arules.dll':
Found non-API call to R: 'Rf_NonNullStringMatch'
Compiled code should not call non-API entry points in R.
See 'Writing portable packages' in the 'Writing R Extensions' manual,
and section 'Moving into C API compliance' for issues with the use of
non-API entry points.
Flavor: r-devel-windows-x86_64