Last updated on 2025-02-10 02:49:47 CET.
Flavor | Version | Tinstall | Tcheck | Ttotal | Status | Flags |
---|---|---|---|---|---|---|
r-devel-linux-x86_64-debian-clang | 1.1-3 | 9.16 | 122.59 | 131.75 | NOTE | |
r-devel-linux-x86_64-debian-gcc | 1.1-3 | 7.72 | 85.75 | 93.47 | NOTE | |
r-devel-linux-x86_64-fedora-clang | 1.1-3 | 217.84 | NOTE | |||
r-devel-linux-x86_64-fedora-gcc | 1.1-3 | 222.20 | OK | |||
r-devel-windows-x86_64 | 1.1-3 | 18.00 | 202.00 | 220.00 | NOTE | |
r-patched-linux-x86_64 | 1.1-3 | 13.11 | 122.83 | 135.94 | OK | |
r-release-linux-x86_64 | 1.1-3 | 9.08 | 121.91 | 130.99 | OK | |
r-release-macos-arm64 | 1.1-3 | 79.00 | OK | |||
r-release-macos-x86_64 | 1.1-3 | 117.00 | OK | |||
r-release-windows-x86_64 | 1.1-3 | 18.00 | 188.00 | 206.00 | OK | |
r-oldrel-macos-arm64 | 1.1-3 | 109.00 | OK | |||
r-oldrel-macos-x86_64 | 1.1-3 | 223.00 | OK | |||
r-oldrel-windows-x86_64 | 1.1-3 | 26.00 | 206.00 | 232.00 | OK |
Version: 1.1-3
Check: Rd cross-references
Result: NOTE
Found the following Rd file(s) with Rd \link{} targets missing package
anchors:
pickle.Rd: trust
Please provide package anchors for all Rd \link{} targets not in the
package itself and the base packages.
Flavors: r-devel-linux-x86_64-debian-clang, r-devel-linux-x86_64-debian-gcc, r-devel-windows-x86_64
Version: 1.1-3
Check: tests
Result: NOTE
Running ‘aster.R’ [1s/1s]
Comparing ‘aster.Rout’ to ‘aster.Rout.save’ ... OK
Running ‘bogus.R’ [1s/1s]
Comparing ‘bogus.Rout’ to ‘bogus.Rout.save’ ... OK
Running ‘cache.R’ [2s/2s]
Comparing ‘cache.Rout’ to ‘cache.Rout.save’ ... OK
Running ‘chk.R’ [0s/0s]
Comparing ‘chk.Rout’ to ‘chk.Rout.save’ ... OK
Running ‘famber.R’ [0s/0s]
Comparing ‘famber.Rout’ to ‘famber.Rout.save’ ... OK
Running ‘famnegbin.R’ [0s/0s]
Comparing ‘famnegbin.Rout’ to ‘famnegbin.Rout.save’ ... OK
Running ‘famnorloc.R’ [0s/0s]
Comparing ‘famnorloc.Rout’ to ‘famnorloc.Rout.save’ ... OK
Running ‘famnzp.R’ [0s/0s]
Comparing ‘famnzp.Rout’ to ‘famnzp.Rout.save’ ... OK
Running ‘fampoi.R’ [0s/0s]
Comparing ‘fampoi.Rout’ to ‘fampoi.Rout.save’ ... OK
Running ‘famtnb.R’ [0s/0s]
Comparing ‘famtnb.Rout’ to ‘famtnb.Rout.save’ ... OK
Running ‘foobar.R’ [0s/0s]
Comparing ‘foobar.Rout’ to ‘foobar.Rout.save’ ... OK
Running ‘formula.R’ [0s/0s]
Comparing ‘formula.Rout’ to ‘formula.Rout.save’ ... OK
Running ‘gradmat.R’ [0s/0s]
Comparing ‘gradmat.Rout’ to ‘gradmat.Rout.save’ ... OK
Running ‘ktnb.R’ [0s/1s]
Comparing ‘ktnb.Rout’ to ‘ktnb.Rout.save’ ... OK
Running ‘ktp.R’ [0s/0s]
Comparing ‘ktp.Rout’ to ‘ktp.Rout.save’ ... OK
Running ‘matops.R’ [0s/0s]
Comparing ‘matops.Rout’ to ‘matops.Rout.save’ ... OK
Running ‘mlogl-c-export.R’ [1s/1s]
Comparing ‘mlogl-c-export.Rout’ to ‘mlogl-c-export.Rout.save’ ... OK
Running ‘mlogl-cond.R’ [0s/1s]
Comparing ‘mlogl-cond.Rout’ to ‘mlogl-cond.Rout.save’ ... OK
Running ‘mlogl-unco.R’ [0s/1s]
Comparing ‘mlogl-unco.Rout’ to ‘mlogl-unco.Rout.save’ ...115c115
< Inf replaced by maximum positive value
---
> NA/Inf replaced by maximum positive value
Running ‘newfam.R’ [0s/0s]
Comparing ‘newfam.Rout’ to ‘newfam.Rout.save’ ... OK
Running ‘newpickle.R’ [0s/1s]
Comparing ‘newpickle.Rout’ to ‘newpickle.Rout.save’ ... OK
Running ‘nzp.R’ [0s/0s]
Comparing ‘nzp.Rout’ to ‘nzp.Rout.save’ ... OK
Running ‘parm.R’ [1s/1s]
Comparing ‘parm.Rout’ to ‘parm.Rout.save’ ... OK
Running ‘penmlogl.R’ [1s/1s]
Comparing ‘penmlogl.Rout’ to ‘penmlogl.Rout.save’ ... OK
Running ‘pickle.R’ [2s/3s]
Comparing ‘pickle.Rout’ to ‘pickle.Rout.save’ ... OK
Running ‘predict.R’ [0s/1s]
Comparing ‘predict.Rout’ to ‘predict.Rout.save’ ... OK
Running ‘quickle.R’ [2s/3s]
Comparing ‘quickle.Rout’ to ‘quickle.Rout.save’ ... OK
Running ‘raster.R’ [0s/0s]
Comparing ‘raster.Rout’ to ‘raster.Rout.save’ ... OK
Running ‘reaster-warn.R’ [1s/1s]
Comparing ‘reaster-warn.Rout’ to ‘reaster-warn.Rout.save’ ... OK
Running ‘reaster.R’ [4s/5s]
Comparing ‘reaster.Rout’ to ‘reaster.Rout.save’ ... OK
Running ‘reaster1.R’ [1s/1s]
Comparing ‘reaster1.Rout’ to ‘reaster1.Rout.save’ ... OK
Running ‘trans.R’ [0s/0s]
Comparing ‘trans.Rout’ to ‘trans.Rout.save’ ... OK
Flavor: r-devel-linux-x86_64-debian-gcc
Version: 1.1-3
Check: tests
Result: NOTE
Running ‘aster.R’
Comparing ‘aster.Rout’ to ‘aster.Rout.save’ ... OK
Running ‘bogus.R’
Comparing ‘bogus.Rout’ to ‘bogus.Rout.save’ ... OK
Running ‘cache.R’
Comparing ‘cache.Rout’ to ‘cache.Rout.save’ ... OK
Running ‘chk.R’
Comparing ‘chk.Rout’ to ‘chk.Rout.save’ ... OK
Running ‘famber.R’
Comparing ‘famber.Rout’ to ‘famber.Rout.save’ ... OK
Running ‘famnegbin.R’
Comparing ‘famnegbin.Rout’ to ‘famnegbin.Rout.save’ ... OK
Running ‘famnorloc.R’
Comparing ‘famnorloc.Rout’ to ‘famnorloc.Rout.save’ ... OK
Running ‘famnzp.R’
Comparing ‘famnzp.Rout’ to ‘famnzp.Rout.save’ ... OK
Running ‘fampoi.R’
Comparing ‘fampoi.Rout’ to ‘fampoi.Rout.save’ ... OK
Running ‘famtnb.R’
Comparing ‘famtnb.Rout’ to ‘famtnb.Rout.save’ ... OK
Running ‘foobar.R’
Comparing ‘foobar.Rout’ to ‘foobar.Rout.save’ ... OK
Running ‘formula.R’
Comparing ‘formula.Rout’ to ‘formula.Rout.save’ ... OK
Running ‘gradmat.R’
Comparing ‘gradmat.Rout’ to ‘gradmat.Rout.save’ ... OK
Running ‘ktnb.R’
Comparing ‘ktnb.Rout’ to ‘ktnb.Rout.save’ ... OK
Running ‘ktp.R’
Comparing ‘ktp.Rout’ to ‘ktp.Rout.save’ ... OK
Running ‘matops.R’
Comparing ‘matops.Rout’ to ‘matops.Rout.save’ ... OK
Running ‘mlogl-c-export.R’
Comparing ‘mlogl-c-export.Rout’ to ‘mlogl-c-export.Rout.save’ ... OK
Running ‘mlogl-cond.R’
Comparing ‘mlogl-cond.Rout’ to ‘mlogl-cond.Rout.save’ ... OK
Running ‘mlogl-unco.R’
Comparing ‘mlogl-unco.Rout’ to ‘mlogl-unco.Rout.save’ ...115c115
< Inf replaced by maximum positive value
---
> NA/Inf replaced by maximum positive value
Running ‘newfam.R’
Comparing ‘newfam.Rout’ to ‘newfam.Rout.save’ ... OK
Running ‘newpickle.R’
Comparing ‘newpickle.Rout’ to ‘newpickle.Rout.save’ ... OK
Running ‘nzp.R’
Comparing ‘nzp.Rout’ to ‘nzp.Rout.save’ ... OK
Running ‘parm.R’
Comparing ‘parm.Rout’ to ‘parm.Rout.save’ ... OK
Running ‘penmlogl.R’
Comparing ‘penmlogl.Rout’ to ‘penmlogl.Rout.save’ ... OK
Running ‘pickle.R’
Comparing ‘pickle.Rout’ to ‘pickle.Rout.save’ ... OK
Running ‘predict.R’
Comparing ‘predict.Rout’ to ‘predict.Rout.save’ ... OK
Running ‘quickle.R’
Comparing ‘quickle.Rout’ to ‘quickle.Rout.save’ ... OK
Running ‘raster.R’
Comparing ‘raster.Rout’ to ‘raster.Rout.save’ ... OK
Running ‘reaster-warn.R’
Comparing ‘reaster-warn.Rout’ to ‘reaster-warn.Rout.save’ ... OK
Running ‘reaster.R’ [12s/12s]
Comparing ‘reaster.Rout’ to ‘reaster.Rout.save’ ... OK
Running ‘reaster1.R’
Comparing ‘reaster1.Rout’ to ‘reaster1.Rout.save’ ... OK
Running ‘trans.R’
Comparing ‘trans.Rout’ to ‘trans.Rout.save’ ... OK
Flavor: r-devel-linux-x86_64-fedora-clang
Version: 1.1-3
Check: tests
Result: NOTE
Running 'aster.R' [1s]
Comparing 'aster.Rout' to 'aster.Rout.save' ... OK
Running 'bogus.R' [1s]
Comparing 'bogus.Rout' to 'bogus.Rout.save' ... OK
Running 'cache.R' [3s]
Comparing 'cache.Rout' to 'cache.Rout.save' ... OK
Running 'chk.R' [0s]
Comparing 'chk.Rout' to 'chk.Rout.save' ... OK
Running 'famber.R' [0s]
Comparing 'famber.Rout' to 'famber.Rout.save' ... OK
Running 'famnegbin.R' [0s]
Comparing 'famnegbin.Rout' to 'famnegbin.Rout.save' ... OK
Running 'famnorloc.R' [0s]
Comparing 'famnorloc.Rout' to 'famnorloc.Rout.save' ... OK
Running 'famnzp.R' [0s]
Comparing 'famnzp.Rout' to 'famnzp.Rout.save' ... OK
Running 'fampoi.R' [0s]
Comparing 'fampoi.Rout' to 'fampoi.Rout.save' ... OK
Running 'famtnb.R' [0s]
Comparing 'famtnb.Rout' to 'famtnb.Rout.save' ... OK
Running 'foobar.R' [0s]
Comparing 'foobar.Rout' to 'foobar.Rout.save' ... OK
Running 'formula.R' [0s]
Comparing 'formula.Rout' to 'formula.Rout.save' ... OK
Running 'gradmat.R' [0s]
Comparing 'gradmat.Rout' to 'gradmat.Rout.save' ... OK
Running 'ktnb.R' [0s]
Comparing 'ktnb.Rout' to 'ktnb.Rout.save' ... OK
Running 'ktp.R' [0s]
Comparing 'ktp.Rout' to 'ktp.Rout.save' ... OK
Running 'matops.R' [0s]
Comparing 'matops.Rout' to 'matops.Rout.save' ... OK
Running 'mlogl-c-export.R' [1s]
Comparing 'mlogl-c-export.Rout' to 'mlogl-c-export.Rout.save' ... OK
Running 'mlogl-cond.R' [1s]
Comparing 'mlogl-cond.Rout' to 'mlogl-cond.Rout.save' ... OK
Running 'mlogl-unco.R' [1s]
Comparing 'mlogl-unco.Rout' to 'mlogl-unco.Rout.save' ...115c115
< Inf replaced by maximum positive value
---
> NA/Inf replaced by maximum positive value
Running 'newfam.R' [0s]
Comparing 'newfam.Rout' to 'newfam.Rout.save' ... OK
Running 'newpickle.R' [1s]
Comparing 'newpickle.Rout' to 'newpickle.Rout.save' ... OK
Running 'nzp.R' [0s]
Comparing 'nzp.Rout' to 'nzp.Rout.save' ... OK
Running 'parm.R' [1s]
Comparing 'parm.Rout' to 'parm.Rout.save' ... OK
Running 'penmlogl.R' [1s]
Comparing 'penmlogl.Rout' to 'penmlogl.Rout.save' ... OK
Running 'pickle.R' [3s]
Comparing 'pickle.Rout' to 'pickle.Rout.save' ... OK
Running 'predict.R' [1s]
Comparing 'predict.Rout' to 'predict.Rout.save' ... OK
Running 'quickle.R' [4s]
Comparing 'quickle.Rout' to 'quickle.Rout.save' ... OK
Running 'raster.R' [0s]
Comparing 'raster.Rout' to 'raster.Rout.save' ... OK
Running 'reaster-warn.R' [2s]
Comparing 'reaster-warn.Rout' to 'reaster-warn.Rout.save' ... OK
Running 'reaster.R' [8s]
Comparing 'reaster.Rout' to 'reaster.Rout.save' ... OK
Running 'reaster1.R' [1s]
Comparing 'reaster1.Rout' to 'reaster1.Rout.save' ... OK
Running 'trans.R' [0s]
Comparing 'trans.Rout' to 'trans.Rout.save' ... OK
Flavor: r-devel-windows-x86_64