Last updated on 2024-08-16 01:48:13 CEST.
Flavor | Version | Tinstall | Tcheck | Ttotal | Status | Flags |
---|---|---|---|---|---|---|
r-devel-linux-x86_64-debian-clang | 1.3.5 | 9.71 | 201.31 | 211.02 | OK | |
r-devel-linux-x86_64-debian-gcc | 1.3.5 | 5.58 | 142.50 | 148.08 | OK | |
r-devel-linux-x86_64-fedora-clang | 1.3.5 | 336.59 | NOTE | |||
r-devel-linux-x86_64-fedora-gcc | 1.3.5 | 340.23 | OK | |||
r-devel-windows-x86_64 | 1.3.5 | 11.00 | 252.00 | 263.00 | OK | |
r-patched-linux-x86_64 | 1.3.5 | 10.06 | 191.50 | 201.56 | OK | |
r-release-linux-x86_64 | 1.3.5 | 9.15 | 194.15 | 203.30 | OK | |
r-release-macos-arm64 | 1.3.5 | 109.00 | OK | |||
r-release-macos-x86_64 | 1.3.5 | 212.00 | OK | |||
r-release-windows-x86_64 | 1.3.5 | 12.00 | 248.00 | 260.00 | OK | |
r-oldrel-macos-arm64 | 1.3.5 | 117.00 | OK | |||
r-oldrel-macos-x86_64 | 1.3.5 | 264.00 | OK | |||
r-oldrel-windows-x86_64 | 1.3.5 | 15.00 | 296.00 | 311.00 | OK |
Version: 1.3.5
Check: Rd cross-references
Result: NOTE
Undeclared package ‘gtable’ in Rd xrefs
Flavor: r-devel-linux-x86_64-fedora-clang