Last updated on 2025-05-14 01:50:49 CEST.
Flavor | Version | Tinstall | Tcheck | Ttotal | Status | Flags |
---|---|---|---|---|---|---|
r-devel-linux-x86_64-debian-clang | 0.1.0 | 12.47 | 88.12 | 100.59 | NOTE | |
r-devel-linux-x86_64-debian-gcc | 0.1.0 | 9.23 | 64.47 | 73.70 | NOTE | |
r-devel-linux-x86_64-fedora-clang | 0.1.0 | 158.15 | NOTE | |||
r-devel-linux-x86_64-fedora-gcc | 0.1.0 | 146.52 | NOTE | |||
r-devel-windows-x86_64 | 0.1.0 | 14.00 | 100.00 | 114.00 | OK | |
r-patched-linux-x86_64 | 0.1.0 | 12.73 | 83.50 | 96.23 | OK | |
r-release-linux-x86_64 | 0.1.0 | 13.67 | 81.99 | 95.66 | OK | |
r-release-macos-arm64 | 0.1.0 | 50.00 | OK | |||
r-release-macos-x86_64 | 0.1.0 | 103.00 | OK | |||
r-release-windows-x86_64 | 0.1.0 | 14.00 | 100.00 | 114.00 | OK | |
r-oldrel-macos-arm64 | 0.1.0 | 47.00 | OK | |||
r-oldrel-macos-x86_64 | 0.1.0 | 73.00 | OK | |||
r-oldrel-windows-x86_64 | 0.1.0 | 20.00 | 120.00 | 140.00 | OK |
Version: 0.1.0
Check: CRAN incoming feasibility
Result: NOTE
Maintainer: ‘Vitor Cerqueira <cerqueira.vitormanuel@gmail.com>’
The Description field contains
arXiv:1706.09367.
Please refer to arXiv e-prints via their arXiv DOI <doi:10.48550/arXiv.YYMM.NNNNN>.
Flavors: r-devel-linux-x86_64-debian-clang, r-devel-linux-x86_64-debian-gcc
Version: 0.1.0
Check: dependencies in R code
Result: NOTE
Namespace in Imports field not imported from: ‘abind’
All declared Imports should be used.
Flavors: r-devel-linux-x86_64-fedora-clang, r-devel-linux-x86_64-fedora-gcc