Last updated on 2024-08-16 01:48:13 CEST.
Flavor | Version | Tinstall | Tcheck | Ttotal | Status | Flags |
---|---|---|---|---|---|---|
r-devel-linux-x86_64-debian-clang | 0.1.8 | 3.80 | 38.66 | 42.46 | NOTE | |
r-devel-linux-x86_64-debian-gcc | 0.1.8 | 2.85 | 28.88 | 31.73 | NOTE | |
r-devel-linux-x86_64-fedora-clang | 0.1.8 | 70.01 | NOTE | |||
r-devel-linux-x86_64-fedora-gcc | 0.1.8 | 77.65 | NOTE | |||
r-devel-windows-x86_64 | 0.1.8 | 8.00 | 77.00 | 85.00 | NOTE | |
r-patched-linux-x86_64 | 0.1.8 | 4.23 | 36.84 | 41.07 | NOTE | |
r-release-linux-x86_64 | 0.1.8 | 4.21 | 36.72 | 40.93 | NOTE | |
r-release-macos-arm64 | 0.1.8 | 31.00 | NOTE | |||
r-release-macos-x86_64 | 0.1.8 | 46.00 | NOTE | |||
r-release-windows-x86_64 | 0.1.8 | 8.00 | 76.00 | 84.00 | NOTE | |
r-oldrel-macos-arm64 | 0.1.8 | 30.00 | NOTE | |||
r-oldrel-macos-x86_64 | 0.1.8 | 48.00 | NOTE | |||
r-oldrel-windows-x86_64 | 0.1.8 | 10.00 | 81.00 | 91.00 | NOTE |
Version: 0.1.8
Check: LazyData
Result: NOTE
'LazyData' is specified without a 'data' directory
Flavors: r-devel-linux-x86_64-debian-clang, r-devel-linux-x86_64-debian-gcc, r-devel-linux-x86_64-fedora-clang, r-devel-linux-x86_64-fedora-gcc, r-devel-windows-x86_64, r-patched-linux-x86_64, r-release-linux-x86_64, r-release-macos-arm64, r-release-macos-x86_64, r-release-windows-x86_64, r-oldrel-macos-arm64, r-oldrel-macos-x86_64, r-oldrel-windows-x86_64